{"id":17113,"date":"2023-05-10T17:15:39","date_gmt":"2023-05-10T15:15:39","guid":{"rendered":"https:\/\/www.isblue.fr\/?post_type=cpt_evenements&#038;p=17113"},"modified":"2025-06-03T15:57:05","modified_gmt":"2025-06-03T13:57:05","slug":"mer-education-universite-ete-brest-21-24-aout","status":"publish","type":"cpt_evenements","link":"https:\/\/isblue.fr\/en\/tous-les-evenements\/mer-education-universite-ete-brest-21-24-aout\/","title":{"rendered":"Mer Education : universit\u00e9 d&#8217;\u00e9t\u00e9 pour les enseignants de coll\u00e8ges et lyc\u00e9es pr\u00e8s de Brest &#8211; 21\/24 ao\u00fbt 2023"},"content":{"rendered":"\n<figure class=\"wp-block-image size-full\"><img decoding=\"async\" width=\"1200\" height=\"675\" src=\"https:\/\/www.isblue.fr\/wp-content\/uploads\/2023\/05\/MER-EDUC-2023-Banner-RS.jpg\" alt=\"\" class=\"wp-image-17114\" srcset=\"https:\/\/isblue.fr\/wp-content\/uploads\/2023\/05\/MER-EDUC-2023-Banner-RS.jpg 1200w, https:\/\/isblue.fr\/wp-content\/uploads\/2023\/05\/MER-EDUC-2023-Banner-RS-800x450.jpg 800w, https:\/\/isblue.fr\/wp-content\/uploads\/2023\/05\/MER-EDUC-2023-Banner-RS-768x432.jpg 768w, https:\/\/isblue.fr\/wp-content\/uploads\/2023\/05\/MER-EDUC-2023-Banner-RS-300x169.jpg 300w\" sizes=\"(max-width: 1200px) 100vw, 1200px\" \/><\/figure>\n\n\n\n<h2 class=\"wp-block-heading\">OC\u00c9AN ET SOCI\u00c9T\u00c9 : UNE SANT\u00c9 COMMUNE ?<\/h2>\n\n\n\n<p>La nouvelle \u00e9dition de l&#8217;Universit\u00e9 d&#8217;\u00e9t\u00e9 Mer &amp; \u00c9ducation aura lieu du 21 au 24 ao\u00fbt 2023 \u00e0 Plouzan\u00e9 (29), au sein de l&#8217;<a href=\"https:\/\/www-iuem.univ-brest.fr\/ecole-dete-mer-education-2023\/\">Institut Universitaire Europ\u00e9en de la Mer (IUEM)<\/a>. <\/p>\n\n\n\n<p>L&#8217;organisation de l&#8217;universit\u00e9 d&#8217;\u00e9t\u00e9, au c\u0153ur d&#8217;un lieu de recherche et de formation, permet aux participants d&#8217;\u00eatre immerg\u00e9 dans le monde de la recherche.<\/p>\n\n\n\n<p>L\u2019oc\u00e9an, comme source de prot\u00e9ines, de mol\u00e9cules, d\u2019inspiration et de bien-\u00eatre, est devenu un enjeu crucial pour la sant\u00e9 humaine. <\/p>\n\n\n\n<p>Cependant, si la compression et l\u2019\u00e9puisement des \u00e9cosyst\u00e8mes terrestres poussent l\u2019humanit\u00e9 \u00e0 toujours plus explorer et exploiter les ressources oc\u00e9aniques, cela se traduit par une pression anthropique accrue sur les milieux oc\u00e9aniques et littoraux.<\/p>\n\n\n\n<p>Les participants pourront suivre l&#8217;un des deux parcours th\u00e9matiques pour \u00e9tudier les liens entre oc\u00e9an et sant\u00e9 :<\/p>\n\n\n\n<ul>\n<li>Un oc\u00e9an, des \u00e9cosyst\u00e8mes pour la sant\u00e9 ?<\/li>\n\n\n\n<li>Un oc\u00e9an, des usages pour la sant\u00e9 ?<\/li>\n<\/ul>\n\n\n\n<h3 class=\"wp-block-heading\">Les inscriptions sont ouvertes jusqu&#8217;au 30 juin : <\/h3>\n\n\n\n  <p class=\"wrap_zip_block-btn\">\n     <a class=\"zip_block-btn btn1\" href=\"https:\/\/nouveau.univ-brest.fr\/mer-education\/fr\/page\/luniversite-dete-mer-education\" target=\"\">Information &#038; inscription<\/a>\n  <\/p>\n  ","protected":false},"author":2,"featured_media":17114,"parent":0,"template":"","taxo_evenements":[47],"acf":[],"yoast_head":"<!-- This site is optimized with the Yoast SEO plugin v21.9 - https:\/\/yoast.com\/wordpress\/plugins\/seo\/ -->\n<title>Mer Education : universit\u00e9 d&#039;\u00e9t\u00e9 pour les enseignants de coll\u00e8ges et lyc\u00e9es pr\u00e8s de Brest - 21\/24 ao\u00fbt 2023 - Ecole Universitaire de Recherche en sciences &amp; technologies marines<\/title>\n<meta name=\"robots\" content=\"index, follow, max-snippet:-1, max-image-preview:large, max-video-preview:-1\" \/>\n<link rel=\"canonical\" href=\"https:\/\/isblue.fr\/en\/tous-les-evenements\/mer-education-universite-ete-brest-21-24-aout\/\" \/>\n<meta property=\"og:locale\" content=\"en_US\" \/>\n<meta property=\"og:type\" content=\"article\" \/>\n<meta property=\"og:title\" content=\"Mer Education : universit\u00e9 d&#039;\u00e9t\u00e9 pour les enseignants de coll\u00e8ges et lyc\u00e9es pr\u00e8s de Brest - 21\/24 ao\u00fbt 2023 - Ecole Universitaire de Recherche en sciences &amp; technologies marines\" \/>\n<meta property=\"og:url\" content=\"https:\/\/isblue.fr\/en\/tous-les-evenements\/mer-education-universite-ete-brest-21-24-aout\/\" \/>\n<meta property=\"og:site_name\" content=\"Ecole Universitaire de Recherche en sciences &amp; technologies marines\" \/>\n<meta property=\"article:modified_time\" content=\"2025-06-03T13:57:05+00:00\" \/>\n<meta property=\"og:image\" content=\"https:\/\/isblue.fr\/wp-content\/uploads\/2023\/05\/MER-EDUC-2023-Banner-RS.jpg\" \/>\n\t<meta property=\"og:image:width\" content=\"1200\" \/>\n\t<meta property=\"og:image:height\" content=\"675\" \/>\n\t<meta property=\"og:image:type\" content=\"image\/jpeg\" \/>\n<meta name=\"twitter:card\" content=\"summary_large_image\" \/>\n<meta name=\"twitter:label1\" content=\"Est. reading time\" \/>\n\t<meta name=\"twitter:data1\" content=\"2 minutes\" \/>\n<script type=\"application\/ld+json\" class=\"yoast-schema-graph\">{\"@context\":\"https:\/\/schema.org\",\"@graph\":[{\"@type\":\"WebPage\",\"@id\":\"https:\/\/isblue.fr\/en\/tous-les-evenements\/mer-education-universite-ete-brest-21-24-aout\/\",\"url\":\"https:\/\/isblue.fr\/en\/tous-les-evenements\/mer-education-universite-ete-brest-21-24-aout\/\",\"name\":\"Mer Education : universit\u00e9 d'\u00e9t\u00e9 pour les enseignants de coll\u00e8ges et lyc\u00e9es pr\u00e8s de Brest - 21\/24 ao\u00fbt 2023 - Ecole Universitaire de Recherche en sciences &amp; technologies marines\",\"isPartOf\":{\"@id\":\"https:\/\/isblue.fr\/en\/#website\"},\"datePublished\":\"2023-05-10T15:15:39+00:00\",\"dateModified\":\"2025-06-03T13:57:05+00:00\",\"breadcrumb\":{\"@id\":\"https:\/\/isblue.fr\/en\/tous-les-evenements\/mer-education-universite-ete-brest-21-24-aout\/#breadcrumb\"},\"inLanguage\":\"en-US\",\"potentialAction\":[{\"@type\":\"ReadAction\",\"target\":[\"https:\/\/isblue.fr\/en\/tous-les-evenements\/mer-education-universite-ete-brest-21-24-aout\/\"]}]},{\"@type\":\"BreadcrumbList\",\"@id\":\"https:\/\/isblue.fr\/en\/tous-les-evenements\/mer-education-universite-ete-brest-21-24-aout\/#breadcrumb\",\"itemListElement\":[{\"@type\":\"ListItem\",\"position\":1,\"name\":\"Home\",\"item\":\"https:\/\/isblue.fr\/en\/\"},{\"@type\":\"ListItem\",\"position\":2,\"name\":\"Events\",\"item\":\"https:\/\/isblue.fr\/en\/all-events\/\"},{\"@type\":\"ListItem\",\"position\":3,\"name\":\"Summer School\",\"item\":\"https:\/\/isblue.fr\/en\/event-types\/summer-school-en\/\"},{\"@type\":\"ListItem\",\"position\":4,\"name\":\"Mer Education : universit\u00e9 d&#8217;\u00e9t\u00e9 pour les enseignants de coll\u00e8ges et lyc\u00e9es pr\u00e8s de Brest &#8211; 21\/24 ao\u00fbt 2023\"}]},{\"@type\":\"WebSite\",\"@id\":\"https:\/\/isblue.fr\/en\/#website\",\"url\":\"https:\/\/isblue.fr\/en\/\",\"name\":\"Ecole Universitaire de Recherche en sciences &amp; technologies marines\",\"description\":\"Ecole Universitaire de Recherche en sciences &amp; technologies marines\",\"publisher\":{\"@id\":\"https:\/\/isblue.fr\/en\/#organization\"},\"potentialAction\":[{\"@type\":\"SearchAction\",\"target\":{\"@type\":\"EntryPoint\",\"urlTemplate\":\"https:\/\/isblue.fr\/en\/?s={search_term_string}\"},\"query-input\":\"required name=search_term_string\"}],\"inLanguage\":\"en-US\"},{\"@type\":\"Organization\",\"@id\":\"https:\/\/isblue.fr\/en\/#organization\",\"name\":\"ISblue\",\"url\":\"https:\/\/isblue.fr\/en\/\",\"logo\":{\"@type\":\"ImageObject\",\"inLanguage\":\"en-US\",\"@id\":\"https:\/\/isblue.fr\/en\/#\/schema\/logo\/image\/\",\"url\":\"https:\/\/www.isblue.fr\/wp-content\/uploads\/2020\/11\/logo.png\",\"contentUrl\":\"https:\/\/www.isblue.fr\/wp-content\/uploads\/2020\/11\/logo.png\",\"width\":367,\"height\":49,\"caption\":\"ISblue\"},\"image\":{\"@id\":\"https:\/\/isblue.fr\/en\/#\/schema\/logo\/image\/\"}}]}<\/script>\n<!-- \/ Yoast SEO plugin. -->","yoast_head_json":{"title":"Mer Education : universit\u00e9 d'\u00e9t\u00e9 pour les enseignants de coll\u00e8ges et lyc\u00e9es pr\u00e8s de Brest - 21\/24 ao\u00fbt 2023 - Ecole Universitaire de Recherche en sciences &amp; technologies marines","robots":{"index":"index","follow":"follow","max-snippet":"max-snippet:-1","max-image-preview":"max-image-preview:large","max-video-preview":"max-video-preview:-1"},"canonical":"https:\/\/isblue.fr\/en\/tous-les-evenements\/mer-education-universite-ete-brest-21-24-aout\/","og_locale":"en_US","og_type":"article","og_title":"Mer Education : universit\u00e9 d'\u00e9t\u00e9 pour les enseignants de coll\u00e8ges et lyc\u00e9es pr\u00e8s de Brest - 21\/24 ao\u00fbt 2023 - Ecole Universitaire de Recherche en sciences &amp; technologies marines","og_url":"https:\/\/isblue.fr\/en\/tous-les-evenements\/mer-education-universite-ete-brest-21-24-aout\/","og_site_name":"Ecole Universitaire de Recherche en sciences &amp; technologies marines","article_modified_time":"2025-06-03T13:57:05+00:00","og_image":[{"width":1200,"height":675,"url":"https:\/\/isblue.fr\/wp-content\/uploads\/2023\/05\/MER-EDUC-2023-Banner-RS.jpg","type":"image\/jpeg"}],"twitter_card":"summary_large_image","twitter_misc":{"Est. reading time":"2 minutes"},"schema":{"@context":"https:\/\/schema.org","@graph":[{"@type":"WebPage","@id":"https:\/\/isblue.fr\/en\/tous-les-evenements\/mer-education-universite-ete-brest-21-24-aout\/","url":"https:\/\/isblue.fr\/en\/tous-les-evenements\/mer-education-universite-ete-brest-21-24-aout\/","name":"Mer Education : universit\u00e9 d'\u00e9t\u00e9 pour les enseignants de coll\u00e8ges et lyc\u00e9es pr\u00e8s de Brest - 21\/24 ao\u00fbt 2023 - Ecole Universitaire de Recherche en sciences &amp; technologies marines","isPartOf":{"@id":"https:\/\/isblue.fr\/en\/#website"},"datePublished":"2023-05-10T15:15:39+00:00","dateModified":"2025-06-03T13:57:05+00:00","breadcrumb":{"@id":"https:\/\/isblue.fr\/en\/tous-les-evenements\/mer-education-universite-ete-brest-21-24-aout\/#breadcrumb"},"inLanguage":"en-US","potentialAction":[{"@type":"ReadAction","target":["https:\/\/isblue.fr\/en\/tous-les-evenements\/mer-education-universite-ete-brest-21-24-aout\/"]}]},{"@type":"BreadcrumbList","@id":"https:\/\/isblue.fr\/en\/tous-les-evenements\/mer-education-universite-ete-brest-21-24-aout\/#breadcrumb","itemListElement":[{"@type":"ListItem","position":1,"name":"Home","item":"https:\/\/isblue.fr\/en\/"},{"@type":"ListItem","position":2,"name":"Events","item":"https:\/\/isblue.fr\/en\/all-events\/"},{"@type":"ListItem","position":3,"name":"Summer School","item":"https:\/\/isblue.fr\/en\/event-types\/summer-school-en\/"},{"@type":"ListItem","position":4,"name":"Mer Education : universit\u00e9 d&#8217;\u00e9t\u00e9 pour les enseignants de coll\u00e8ges et lyc\u00e9es pr\u00e8s de Brest &#8211; 21\/24 ao\u00fbt 2023"}]},{"@type":"WebSite","@id":"https:\/\/isblue.fr\/en\/#website","url":"https:\/\/isblue.fr\/en\/","name":"Ecole Universitaire de Recherche en sciences &amp; technologies marines","description":"Ecole Universitaire de Recherche en sciences &amp; technologies marines","publisher":{"@id":"https:\/\/isblue.fr\/en\/#organization"},"potentialAction":[{"@type":"SearchAction","target":{"@type":"EntryPoint","urlTemplate":"https:\/\/isblue.fr\/en\/?s={search_term_string}"},"query-input":"required name=search_term_string"}],"inLanguage":"en-US"},{"@type":"Organization","@id":"https:\/\/isblue.fr\/en\/#organization","name":"ISblue","url":"https:\/\/isblue.fr\/en\/","logo":{"@type":"ImageObject","inLanguage":"en-US","@id":"https:\/\/isblue.fr\/en\/#\/schema\/logo\/image\/","url":"https:\/\/www.isblue.fr\/wp-content\/uploads\/2020\/11\/logo.png","contentUrl":"https:\/\/www.isblue.fr\/wp-content\/uploads\/2020\/11\/logo.png","width":367,"height":49,"caption":"ISblue"},"image":{"@id":"https:\/\/isblue.fr\/en\/#\/schema\/logo\/image\/"}}]}},"_links":{"self":[{"href":"https:\/\/isblue.fr\/en\/wp-json\/wp\/v2\/cpt_evenements\/17113"}],"collection":[{"href":"https:\/\/isblue.fr\/en\/wp-json\/wp\/v2\/cpt_evenements"}],"about":[{"href":"https:\/\/isblue.fr\/en\/wp-json\/wp\/v2\/types\/cpt_evenements"}],"author":[{"embeddable":true,"href":"https:\/\/isblue.fr\/en\/wp-json\/wp\/v2\/users\/2"}],"version-history":[{"count":18,"href":"https:\/\/isblue.fr\/en\/wp-json\/wp\/v2\/cpt_evenements\/17113\/revisions"}],"predecessor-version":[{"id":27989,"href":"https:\/\/isblue.fr\/en\/wp-json\/wp\/v2\/cpt_evenements\/17113\/revisions\/27989"}],"wp:featuredmedia":[{"embeddable":true,"href":"https:\/\/isblue.fr\/en\/wp-json\/wp\/v2\/media\/17114"}],"wp:attachment":[{"href":"https:\/\/isblue.fr\/en\/wp-json\/wp\/v2\/media?parent=17113"}],"wp:term":[{"taxonomy":"taxo_evenements","embeddable":true,"href":"https:\/\/isblue.fr\/en\/wp-json\/wp\/v2\/taxo_evenements?post=17113"}],"curies":[{"name":"wp","href":"https:\/\/api.w.org\/{rel}","templated":true}]}}

Mer Education : université d&#8217;été pour les enseignants de collèges et lycées près de Brest &#8211; 21/24 août 2023

<figure class="wp-block-image size-full"><img decoding="async" width="1200" height="675" src="https://www.isblue.fr/wp-content/uploads/2023/05/MER-EDUC-2023-Banner-RS.jpg" alt="" class="wp-image-17114" srcset="https://isblue.fr/wp-content/uploads/2023/05/MER-EDUC-2023-Banner-RS.jpg 1200w, https://isblue.fr/wp-content/uploads/2023/05/MER-EDUC-2023-Banner-RS-800x450.jpg 800w, https://isblue.fr/wp-content/uploads/2023/05/MER-EDUC-2023-Banner-RS-768x432.jpg 768w, https://isblue.fr/wp-content/uploads/2023/05/MER-EDUC-2023-Banner-RS-300x169.jpg 300w" sizes="(max-width: 1200px) 100vw, 1200px" /></figure>



<h2 class="wp-block-heading">OCÉAN ET SOCIÉTÉ : UNE SANTÉ COMMUNE ?</h2>



<p>La nouvelle édition de l&#8217;Université d&#8217;été Mer &amp; Éducation aura lieu du 21 au 24 août 2023 à Plouzané (29), au sein de l&#8217;<a href="https://www-iuem.univ-brest.fr/ecole-dete-mer-education-2023/">Institut Universitaire Européen de la Mer (IUEM)</a>. </p>



<p>L&#8217;organisation de l&#8217;université d&#8217;été, au cœur d&#8217;un lieu de recherche et de formation, permet aux participants d&#8217;être immergé dans le monde de la recherche.</p>



<p>L’océan, comme source de protéines, de molécules, d’inspiration et de bien-être, est devenu un enjeu crucial pour la santé humaine. </p>



<p>Cependant, si la compression et l’épuisement des écosystèmes terrestres poussent l’humanité à toujours plus explorer et exploiter les ressources océaniques, cela se traduit par une pression anthropique accrue sur les milieux océaniques et littoraux.</p>



<p>Les participants pourront suivre l&#8217;un des deux parcours thématiques pour étudier les liens entre océan et santé :</p>



<ul>
<li>Un océan, des écosystèmes pour la santé ?</li>



<li>Un océan, des usages pour la santé ?</li>
</ul>



<h3 class="wp-block-heading">Les inscriptions sont ouvertes jusqu&#8217;au 30 juin : </h3>



  <p class="wrap_zip_block-btn">
     <a class="zip_block-btn btn1" href="https://nouveau.univ-brest.fr/mer-education/fr/page/luniversite-dete-mer-education" target="">Information &#038; inscription</a>
  </p>

<!-- This site is optimized with the Yoast SEO plugin v21.9 - https://yoast.com/wordpress/plugins/seo/ -->
<title>Mer Education : université d&#039;été pour les enseignants de collèges et lycées près de Brest - 21/24 août 2023 - Ecole Universitaire de Recherche en sciences &amp; technologies marines</title>
<meta name="robots" content="index, follow, max-snippet:-1, max-image-preview:large, max-video-preview:-1" />
<link rel="canonical" href="https://isblue.fr/en/tous-les-evenements/mer-education-universite-ete-brest-21-24-aout/" />
<meta property="og:locale" content="en_US" />
<meta property="og:type" content="article" />
<meta property="og:title" content="Mer Education : université d&#039;été pour les enseignants de collèges et lycées près de Brest - 21/24 août 2023 - Ecole Universitaire de Recherche en sciences &amp; technologies marines" />
<meta property="og:url" content="https://isblue.fr/en/tous-les-evenements/mer-education-universite-ete-brest-21-24-aout/" />
<meta property="og:site_name" content="Ecole Universitaire de Recherche en sciences &amp; technologies marines" />
<meta property="article:modified_time" content="2025-06-03T13:57:05+00:00" />
<meta property="og:image" content="https://isblue.fr/wp-content/uploads/2023/05/MER-EDUC-2023-Banner-RS.jpg" />
	<meta property="og:image:width" content="1200" />
	<meta property="og:image:height" content="675" />
	<meta property="og:image:type" content="image/jpeg" />
<meta name="twitter:card" content="summary_large_image" />
<meta name="twitter:label1" content="Est. reading time" />
	<meta name="twitter:data1" content="2 minutes" />
<script type="application/ld+json" class="yoast-schema-graph">{"@context":"https://schema.org","@graph":[{"@type":"WebPage","@id":"https://isblue.fr/en/tous-les-evenements/mer-education-universite-ete-brest-21-24-aout/","url":"https://isblue.fr/en/tous-les-evenements/mer-education-universite-ete-brest-21-24-aout/","name":"Mer Education : université d'été pour les enseignants de collèges et lycées près de Brest - 21/24 août 2023 - Ecole Universitaire de Recherche en sciences &amp; technologies marines","isPartOf":{"@id":"https://isblue.fr/en/#website"},"datePublished":"2023-05-10T15:15:39+00:00","dateModified":"2025-06-03T13:57:05+00:00","breadcrumb":{"@id":"https://isblue.fr/en/tous-les-evenements/mer-education-universite-ete-brest-21-24-aout/#breadcrumb"},"inLanguage":"en-US","potentialAction":[{"@type":"ReadAction","target":["https://isblue.fr/en/tous-les-evenements/mer-education-universite-ete-brest-21-24-aout/"]}]},{"@type":"BreadcrumbList","@id":"https://isblue.fr/en/tous-les-evenements/mer-education-universite-ete-brest-21-24-aout/#breadcrumb","itemListElement":[{"@type":"ListItem","position":1,"name":"Home","item":"https://isblue.fr/en/"},{"@type":"ListItem","position":2,"name":"Events","item":"https://isblue.fr/en/all-events/"},{"@type":"ListItem","position":3,"name":"Summer School","item":"https://isblue.fr/en/event-types/summer-school-en/"},{"@type":"ListItem","position":4,"name":"Mer Education : université d&#8217;été pour les enseignants de collèges et lycées près de Brest &#8211; 21/24 août 2023"}]},{"@type":"WebSite","@id":"https://isblue.fr/en/#website","url":"https://isblue.fr/en/","name":"Ecole Universitaire de Recherche en sciences &amp; technologies marines","description":"Ecole Universitaire de Recherche en sciences &amp; technologies marines","publisher":{"@id":"https://isblue.fr/en/#organization"},"potentialAction":[{"@type":"SearchAction","target":{"@type":"EntryPoint","urlTemplate":"https://isblue.fr/en/?s={search_term_string}"},"query-input":"required name=search_term_string"}],"inLanguage":"en-US"},{"@type":"Organization","@id":"https://isblue.fr/en/#organization","name":"ISblue","url":"https://isblue.fr/en/","logo":{"@type":"ImageObject","inLanguage":"en-US","@id":"https://isblue.fr/en/#/schema/logo/image/","url":"https://www.isblue.fr/wp-content/uploads/2020/11/logo.png","contentUrl":"https://www.isblue.fr/wp-content/uploads/2020/11/logo.png","width":367,"height":49,"caption":"ISblue"},"image":{"@id":"https://isblue.fr/en/#/schema/logo/image/"}}]}</script>
<!-- / Yoast SEO plugin. -->

Mer Education : université d'été pour les enseignants de collèges et lycées près de Brest - 21/24 août 2023 - Ecole Universitaire de Recherche en sciences &amp; technologies marines
