{"id":20150,"date":"2024-04-17T16:56:25","date_gmt":"2024-04-17T14:56:25","guid":{"rendered":"https:\/\/isblue.fr\/?post_type=cpt_evenements&#038;p=20150"},"modified":"2024-04-22T13:56:40","modified_gmt":"2024-04-22T11:56:40","slug":"young-algaeneers-symposium-27-30-mai-ubs-vannes","status":"publish","type":"cpt_evenements","link":"https:\/\/isblue.fr\/en\/tous-les-evenements\/young-algaeneers-symposium-27-30-mai-ubs-vannes\/","title":{"rendered":"Young Algaeneers Symposium 27\/30 mai \u00e0 l&#8217;UBS, Vannes"},"content":{"rendered":"\n<figure class=\"wp-block-image size-full\"><img decoding=\"async\" width=\"1201\" height=\"201\" src=\"https:\/\/isblue.fr\/wp-content\/uploads\/2024\/04\/IMG_20240123_141323-web.jpg\" alt=\"\" class=\"wp-image-20153\" srcset=\"https:\/\/isblue.fr\/wp-content\/uploads\/2024\/04\/IMG_20240123_141323-web.jpg 1201w, https:\/\/isblue.fr\/wp-content\/uploads\/2024\/04\/IMG_20240123_141323-web-800x134.jpg 800w, https:\/\/isblue.fr\/wp-content\/uploads\/2024\/04\/IMG_20240123_141323-web-768x129.jpg 768w, https:\/\/isblue.fr\/wp-content\/uploads\/2024\/04\/IMG_20240123_141323-web-300x50.jpg 300w\" sizes=\"(max-width: 1201px) 100vw, 1201px\" \/><\/figure>\n\n\n\n<h2 class=\"wp-block-heading\">Cette ann\u00e9e, le Young Algaeneers Symposium (YAS), organis\u00e9 avec le soutien de <a href=\"https:\/\/www.eaba-association.org\/en\">European Algae Biomass Association<\/a>, en est \u00e0 sa 8\u00e8me \u00e9dition et il se tiendra \u00e0 l&#8217;Universit\u00e9 Bretagne Sud de Vannes, du 27 au 30 mai 2024. <\/h2>\n\n\n\n<p>Si vous travaillez dans le domaine des algues et que vous \u00eates \u00e9tudiant en Master ou Doctorat, entrepreneur ou Post-Doc dans vos 5 premi\u00e8res ann\u00e9es, alors vous \u00eates un Young Alganeers !<\/p>\n\n\n\n<p><strong>Une vingtaine de places offertes sont disponibles pour les \u00e9tudiants et jeunes chercheurs.&nbsp;Vous pouvez candidater aux places disponibles jusqu&#8217;au 19 Avril midi : <a href=\"https:\/\/forms.gle\/XEJc2opfNwFgaWgaA\">https:\/\/forms.gle\/XEJc2opfNwFgaWgaA<\/a>.&nbsp;<\/strong><\/p>\n\n\n\n<p>Le YAS accueille aussi des seniors chercheurs et entrepreneurs pour enrichir l&#8217;\u00e9v\u00e9nement avec des experts de la fili\u00e8re et pour cr\u00e9er un r\u00e9seau avec les Young Alganeers.<\/p>\n\n\n\n<p>L&#8217;\u00e9v\u00e9nement propose :<\/p>\n\n\n\n<p>\ud83c\udf93&nbsp;Un programme engageant&nbsp;: \u00e9coutez des conf\u00e9renciers et engagez la discussion avec nos experts invit\u00e9s! D\u00e9couvrez notre programme !&nbsp;<a href=\"https:\/\/yas.eaba-association.org\/en\/programme\" target=\"_blank\" rel=\"noreferrer noopener\">https:\/\/yas.eaba-association.org\/en\/programme<\/a><br><br>\ud83c\udfde&nbsp;Des visites de compagnies algales : d\u00e9couvrez les entreprises locales d&#8217;algues avec une visite exclusive et explorez des installations de pointe&nbsp;!<br><br>\ud83d\udd0d&nbsp;Des pr\u00e9sentations de posters : pr\u00e9sentez vos derni\u00e8res recherches avec d&#8217;autres Algaeneers qui partagent les m\u00eames int\u00e9r\u00eats&nbsp;! On&nbsp;r\u00e9compense le meilleur poster, vot\u00e9 par les participants!<br><br>\ud83e\udd1d&nbsp;Des opportunit\u00e9s de r\u00e9seautage&nbsp;: rencontrez les nouvelles promesses du monde des algues et cr\u00e9ez des liens avec nos seniors invit\u00e9s pour \u00e9largir votre r\u00e9seau au sein de la communaut\u00e9 des algues.<br><br>\ud83c\udf89&nbsp;Des \u00e9v\u00e9nements sociaux : d\u00e9tendez-vous et rencontrez de nouvelles personnes lors de notre d\u00eener, o\u00f9 vous pourrez discuter d&#8217;algues autour d&#8217;un verre et de bonne musique.<\/p>\n\n\n\n  <p class=\"wrap_zip_block-btn\">\n     <a class=\"zip_block-btn btn1\" href=\"https:\/\/yas.eaba-association.org\/en\" target=\"\">Informations et inscriptions<\/a>\n  <\/p>\n  ","protected":false},"author":2,"featured_media":20153,"parent":0,"template":"","taxo_evenements":[45],"acf":[],"yoast_head":"<!-- This site is optimized with the Yoast SEO plugin v21.9 - https:\/\/yoast.com\/wordpress\/plugins\/seo\/ -->\n<title>Young Algaeneers Symposium 27\/30 mai \u00e0 l&#039;UBS, Vannes - Ecole Universitaire de Recherche en sciences &amp; technologies marines<\/title>\n<meta name=\"robots\" content=\"index, follow, max-snippet:-1, max-image-preview:large, max-video-preview:-1\" \/>\n<link rel=\"canonical\" href=\"https:\/\/isblue.fr\/en\/tous-les-evenements\/young-algaeneers-symposium-27-30-mai-ubs-vannes\/\" \/>\n<meta property=\"og:locale\" content=\"en_US\" \/>\n<meta property=\"og:type\" content=\"article\" \/>\n<meta property=\"og:title\" content=\"Young Algaeneers Symposium 27\/30 mai \u00e0 l&#039;UBS, Vannes - Ecole Universitaire de Recherche en sciences &amp; technologies marines\" \/>\n<meta property=\"og:url\" content=\"https:\/\/isblue.fr\/en\/tous-les-evenements\/young-algaeneers-symposium-27-30-mai-ubs-vannes\/\" \/>\n<meta property=\"og:site_name\" content=\"Ecole Universitaire de Recherche en sciences &amp; technologies marines\" \/>\n<meta property=\"article:modified_time\" content=\"2024-04-22T11:56:40+00:00\" \/>\n<meta property=\"og:image\" content=\"https:\/\/isblue.fr\/wp-content\/uploads\/2024\/04\/IMG_20240123_141323-web.jpg\" \/>\n\t<meta property=\"og:image:width\" content=\"1201\" \/>\n\t<meta property=\"og:image:height\" content=\"201\" \/>\n\t<meta property=\"og:image:type\" content=\"image\/jpeg\" \/>\n<meta name=\"twitter:card\" content=\"summary_large_image\" \/>\n<meta name=\"twitter:label1\" content=\"Est. reading time\" \/>\n\t<meta name=\"twitter:data1\" content=\"2 minutes\" \/>\n<script type=\"application\/ld+json\" class=\"yoast-schema-graph\">{\"@context\":\"https:\/\/schema.org\",\"@graph\":[{\"@type\":\"WebPage\",\"@id\":\"https:\/\/isblue.fr\/en\/tous-les-evenements\/young-algaeneers-symposium-27-30-mai-ubs-vannes\/\",\"url\":\"https:\/\/isblue.fr\/en\/tous-les-evenements\/young-algaeneers-symposium-27-30-mai-ubs-vannes\/\",\"name\":\"Young Algaeneers Symposium 27\/30 mai \u00e0 l'UBS, Vannes - Ecole Universitaire de Recherche en sciences &amp; technologies marines\",\"isPartOf\":{\"@id\":\"https:\/\/isblue.fr\/en\/#website\"},\"datePublished\":\"2024-04-17T14:56:25+00:00\",\"dateModified\":\"2024-04-22T11:56:40+00:00\",\"breadcrumb\":{\"@id\":\"https:\/\/isblue.fr\/en\/tous-les-evenements\/young-algaeneers-symposium-27-30-mai-ubs-vannes\/#breadcrumb\"},\"inLanguage\":\"en-US\",\"potentialAction\":[{\"@type\":\"ReadAction\",\"target\":[\"https:\/\/isblue.fr\/en\/tous-les-evenements\/young-algaeneers-symposium-27-30-mai-ubs-vannes\/\"]}]},{\"@type\":\"BreadcrumbList\",\"@id\":\"https:\/\/isblue.fr\/en\/tous-les-evenements\/young-algaeneers-symposium-27-30-mai-ubs-vannes\/#breadcrumb\",\"itemListElement\":[{\"@type\":\"ListItem\",\"position\":1,\"name\":\"Home\",\"item\":\"https:\/\/isblue.fr\/en\/\"},{\"@type\":\"ListItem\",\"position\":2,\"name\":\"Events\",\"item\":\"https:\/\/isblue.fr\/en\/all-events\/\"},{\"@type\":\"ListItem\",\"position\":3,\"name\":\"Thematic school\",\"item\":\"https:\/\/isblue.fr\/en\/event-types\/thematic-school\/\"},{\"@type\":\"ListItem\",\"position\":4,\"name\":\"Young Algaeneers Symposium 27\/30 mai \u00e0 l&#8217;UBS, Vannes\"}]},{\"@type\":\"WebSite\",\"@id\":\"https:\/\/isblue.fr\/en\/#website\",\"url\":\"https:\/\/isblue.fr\/en\/\",\"name\":\"Ecole Universitaire de Recherche en sciences &amp; technologies marines\",\"description\":\"Ecole Universitaire de Recherche en sciences &amp; technologies marines\",\"publisher\":{\"@id\":\"https:\/\/isblue.fr\/en\/#organization\"},\"potentialAction\":[{\"@type\":\"SearchAction\",\"target\":{\"@type\":\"EntryPoint\",\"urlTemplate\":\"https:\/\/isblue.fr\/en\/?s={search_term_string}\"},\"query-input\":\"required name=search_term_string\"}],\"inLanguage\":\"en-US\"},{\"@type\":\"Organization\",\"@id\":\"https:\/\/isblue.fr\/en\/#organization\",\"name\":\"ISblue\",\"url\":\"https:\/\/isblue.fr\/en\/\",\"logo\":{\"@type\":\"ImageObject\",\"inLanguage\":\"en-US\",\"@id\":\"https:\/\/isblue.fr\/en\/#\/schema\/logo\/image\/\",\"url\":\"https:\/\/www.isblue.fr\/wp-content\/uploads\/2020\/11\/logo.png\",\"contentUrl\":\"https:\/\/www.isblue.fr\/wp-content\/uploads\/2020\/11\/logo.png\",\"width\":367,\"height\":49,\"caption\":\"ISblue\"},\"image\":{\"@id\":\"https:\/\/isblue.fr\/en\/#\/schema\/logo\/image\/\"}}]}<\/script>\n<!-- \/ Yoast SEO plugin. -->","yoast_head_json":{"title":"Young Algaeneers Symposium 27\/30 mai \u00e0 l'UBS, Vannes - Ecole Universitaire de Recherche en sciences &amp; technologies marines","robots":{"index":"index","follow":"follow","max-snippet":"max-snippet:-1","max-image-preview":"max-image-preview:large","max-video-preview":"max-video-preview:-1"},"canonical":"https:\/\/isblue.fr\/en\/tous-les-evenements\/young-algaeneers-symposium-27-30-mai-ubs-vannes\/","og_locale":"en_US","og_type":"article","og_title":"Young Algaeneers Symposium 27\/30 mai \u00e0 l'UBS, Vannes - Ecole Universitaire de Recherche en sciences &amp; technologies marines","og_url":"https:\/\/isblue.fr\/en\/tous-les-evenements\/young-algaeneers-symposium-27-30-mai-ubs-vannes\/","og_site_name":"Ecole Universitaire de Recherche en sciences &amp; technologies marines","article_modified_time":"2024-04-22T11:56:40+00:00","og_image":[{"width":1201,"height":201,"url":"https:\/\/isblue.fr\/wp-content\/uploads\/2024\/04\/IMG_20240123_141323-web.jpg","type":"image\/jpeg"}],"twitter_card":"summary_large_image","twitter_misc":{"Est. reading time":"2 minutes"},"schema":{"@context":"https:\/\/schema.org","@graph":[{"@type":"WebPage","@id":"https:\/\/isblue.fr\/en\/tous-les-evenements\/young-algaeneers-symposium-27-30-mai-ubs-vannes\/","url":"https:\/\/isblue.fr\/en\/tous-les-evenements\/young-algaeneers-symposium-27-30-mai-ubs-vannes\/","name":"Young Algaeneers Symposium 27\/30 mai \u00e0 l'UBS, Vannes - Ecole Universitaire de Recherche en sciences &amp; technologies marines","isPartOf":{"@id":"https:\/\/isblue.fr\/en\/#website"},"datePublished":"2024-04-17T14:56:25+00:00","dateModified":"2024-04-22T11:56:40+00:00","breadcrumb":{"@id":"https:\/\/isblue.fr\/en\/tous-les-evenements\/young-algaeneers-symposium-27-30-mai-ubs-vannes\/#breadcrumb"},"inLanguage":"en-US","potentialAction":[{"@type":"ReadAction","target":["https:\/\/isblue.fr\/en\/tous-les-evenements\/young-algaeneers-symposium-27-30-mai-ubs-vannes\/"]}]},{"@type":"BreadcrumbList","@id":"https:\/\/isblue.fr\/en\/tous-les-evenements\/young-algaeneers-symposium-27-30-mai-ubs-vannes\/#breadcrumb","itemListElement":[{"@type":"ListItem","position":1,"name":"Home","item":"https:\/\/isblue.fr\/en\/"},{"@type":"ListItem","position":2,"name":"Events","item":"https:\/\/isblue.fr\/en\/all-events\/"},{"@type":"ListItem","position":3,"name":"Thematic school","item":"https:\/\/isblue.fr\/en\/event-types\/thematic-school\/"},{"@type":"ListItem","position":4,"name":"Young Algaeneers Symposium 27\/30 mai \u00e0 l&#8217;UBS, Vannes"}]},{"@type":"WebSite","@id":"https:\/\/isblue.fr\/en\/#website","url":"https:\/\/isblue.fr\/en\/","name":"Ecole Universitaire de Recherche en sciences &amp; technologies marines","description":"Ecole Universitaire de Recherche en sciences &amp; technologies marines","publisher":{"@id":"https:\/\/isblue.fr\/en\/#organization"},"potentialAction":[{"@type":"SearchAction","target":{"@type":"EntryPoint","urlTemplate":"https:\/\/isblue.fr\/en\/?s={search_term_string}"},"query-input":"required name=search_term_string"}],"inLanguage":"en-US"},{"@type":"Organization","@id":"https:\/\/isblue.fr\/en\/#organization","name":"ISblue","url":"https:\/\/isblue.fr\/en\/","logo":{"@type":"ImageObject","inLanguage":"en-US","@id":"https:\/\/isblue.fr\/en\/#\/schema\/logo\/image\/","url":"https:\/\/www.isblue.fr\/wp-content\/uploads\/2020\/11\/logo.png","contentUrl":"https:\/\/www.isblue.fr\/wp-content\/uploads\/2020\/11\/logo.png","width":367,"height":49,"caption":"ISblue"},"image":{"@id":"https:\/\/isblue.fr\/en\/#\/schema\/logo\/image\/"}}]}},"_links":{"self":[{"href":"https:\/\/isblue.fr\/en\/wp-json\/wp\/v2\/cpt_evenements\/20150"}],"collection":[{"href":"https:\/\/isblue.fr\/en\/wp-json\/wp\/v2\/cpt_evenements"}],"about":[{"href":"https:\/\/isblue.fr\/en\/wp-json\/wp\/v2\/types\/cpt_evenements"}],"author":[{"embeddable":true,"href":"https:\/\/isblue.fr\/en\/wp-json\/wp\/v2\/users\/2"}],"version-history":[{"count":5,"href":"https:\/\/isblue.fr\/en\/wp-json\/wp\/v2\/cpt_evenements\/20150\/revisions"}],"predecessor-version":[{"id":20176,"href":"https:\/\/isblue.fr\/en\/wp-json\/wp\/v2\/cpt_evenements\/20150\/revisions\/20176"}],"wp:featuredmedia":[{"embeddable":true,"href":"https:\/\/isblue.fr\/en\/wp-json\/wp\/v2\/media\/20153"}],"wp:attachment":[{"href":"https:\/\/isblue.fr\/en\/wp-json\/wp\/v2\/media?parent=20150"}],"wp:term":[{"taxonomy":"taxo_evenements","embeddable":true,"href":"https:\/\/isblue.fr\/en\/wp-json\/wp\/v2\/taxo_evenements?post=20150"}],"curies":[{"name":"wp","href":"https:\/\/api.w.org\/{rel}","templated":true}]}}

Young Algaeneers Symposium 27/30 mai à l&#8217;UBS, Vannes

<figure class="wp-block-image size-full"><img decoding="async" width="1201" height="201" src="https://isblue.fr/wp-content/uploads/2024/04/IMG_20240123_141323-web.jpg" alt="" class="wp-image-20153" srcset="https://isblue.fr/wp-content/uploads/2024/04/IMG_20240123_141323-web.jpg 1201w, https://isblue.fr/wp-content/uploads/2024/04/IMG_20240123_141323-web-800x134.jpg 800w, https://isblue.fr/wp-content/uploads/2024/04/IMG_20240123_141323-web-768x129.jpg 768w, https://isblue.fr/wp-content/uploads/2024/04/IMG_20240123_141323-web-300x50.jpg 300w" sizes="(max-width: 1201px) 100vw, 1201px" /></figure>



<h2 class="wp-block-heading">Cette année, le Young Algaeneers Symposium (YAS), organisé avec le soutien de <a href="https://www.eaba-association.org/en">European Algae Biomass Association</a>, en est à sa 8ème édition et il se tiendra à l&#8217;Université Bretagne Sud de Vannes, du 27 au 30 mai 2024. </h2>



<p>Si vous travaillez dans le domaine des algues et que vous êtes étudiant en Master ou Doctorat, entrepreneur ou Post-Doc dans vos 5 premières années, alors vous êtes un Young Alganeers !</p>



<p><strong>Une vingtaine de places offertes sont disponibles pour les étudiants et jeunes chercheurs.&nbsp;Vous pouvez candidater aux places disponibles jusqu&#8217;au 19 Avril midi : <a href="https://forms.gle/XEJc2opfNwFgaWgaA">https://forms.gle/XEJc2opfNwFgaWgaA</a>.&nbsp;</strong></p>



<p>Le YAS accueille aussi des seniors chercheurs et entrepreneurs pour enrichir l&#8217;événement avec des experts de la filière et pour créer un réseau avec les Young Alganeers.</p>



<p>L&#8217;événement propose :</p>



<p>🎓&nbsp;Un programme engageant&nbsp;: écoutez des conférenciers et engagez la discussion avec nos experts invités! Découvrez notre programme !&nbsp;<a href="https://yas.eaba-association.org/en/programme" target="_blank" rel="noreferrer noopener">https://yas.eaba-association.org/en/programme</a><br><br>🏞&nbsp;Des visites de compagnies algales : découvrez les entreprises locales d&#8217;algues avec une visite exclusive et explorez des installations de pointe&nbsp;!<br><br>🔍&nbsp;Des présentations de posters : présentez vos dernières recherches avec d&#8217;autres Algaeneers qui partagent les mêmes intérêts&nbsp;! On&nbsp;récompense le meilleur poster, voté par les participants!<br><br>🤝&nbsp;Des opportunités de réseautage&nbsp;: rencontrez les nouvelles promesses du monde des algues et créez des liens avec nos seniors invités pour élargir votre réseau au sein de la communauté des algues.<br><br>🎉&nbsp;Des événements sociaux : détendez-vous et rencontrez de nouvelles personnes lors de notre dîner, où vous pourrez discuter d&#8217;algues autour d&#8217;un verre et de bonne musique.</p>



  <p class="wrap_zip_block-btn">
     <a class="zip_block-btn btn1" href="https://yas.eaba-association.org/en" target="">Informations et inscriptions</a>
  </p>

<!-- This site is optimized with the Yoast SEO plugin v21.9 - https://yoast.com/wordpress/plugins/seo/ -->
<title>Young Algaeneers Symposium 27/30 mai à l&#039;UBS, Vannes - Ecole Universitaire de Recherche en sciences &amp; technologies marines</title>
<meta name="robots" content="index, follow, max-snippet:-1, max-image-preview:large, max-video-preview:-1" />
<link rel="canonical" href="https://isblue.fr/en/tous-les-evenements/young-algaeneers-symposium-27-30-mai-ubs-vannes/" />
<meta property="og:locale" content="en_US" />
<meta property="og:type" content="article" />
<meta property="og:title" content="Young Algaeneers Symposium 27/30 mai à l&#039;UBS, Vannes - Ecole Universitaire de Recherche en sciences &amp; technologies marines" />
<meta property="og:url" content="https://isblue.fr/en/tous-les-evenements/young-algaeneers-symposium-27-30-mai-ubs-vannes/" />
<meta property="og:site_name" content="Ecole Universitaire de Recherche en sciences &amp; technologies marines" />
<meta property="article:modified_time" content="2024-04-22T11:56:40+00:00" />
<meta property="og:image" content="https://isblue.fr/wp-content/uploads/2024/04/IMG_20240123_141323-web.jpg" />
	<meta property="og:image:width" content="1201" />
	<meta property="og:image:height" content="201" />
	<meta property="og:image:type" content="image/jpeg" />
<meta name="twitter:card" content="summary_large_image" />
<meta name="twitter:label1" content="Est. reading time" />
	<meta name="twitter:data1" content="2 minutes" />
<script type="application/ld+json" class="yoast-schema-graph">{"@context":"https://schema.org","@graph":[{"@type":"WebPage","@id":"https://isblue.fr/en/tous-les-evenements/young-algaeneers-symposium-27-30-mai-ubs-vannes/","url":"https://isblue.fr/en/tous-les-evenements/young-algaeneers-symposium-27-30-mai-ubs-vannes/","name":"Young Algaeneers Symposium 27/30 mai à l'UBS, Vannes - Ecole Universitaire de Recherche en sciences &amp; technologies marines","isPartOf":{"@id":"https://isblue.fr/en/#website"},"datePublished":"2024-04-17T14:56:25+00:00","dateModified":"2024-04-22T11:56:40+00:00","breadcrumb":{"@id":"https://isblue.fr/en/tous-les-evenements/young-algaeneers-symposium-27-30-mai-ubs-vannes/#breadcrumb"},"inLanguage":"en-US","potentialAction":[{"@type":"ReadAction","target":["https://isblue.fr/en/tous-les-evenements/young-algaeneers-symposium-27-30-mai-ubs-vannes/"]}]},{"@type":"BreadcrumbList","@id":"https://isblue.fr/en/tous-les-evenements/young-algaeneers-symposium-27-30-mai-ubs-vannes/#breadcrumb","itemListElement":[{"@type":"ListItem","position":1,"name":"Home","item":"https://isblue.fr/en/"},{"@type":"ListItem","position":2,"name":"Events","item":"https://isblue.fr/en/all-events/"},{"@type":"ListItem","position":3,"name":"Thematic school","item":"https://isblue.fr/en/event-types/thematic-school/"},{"@type":"ListItem","position":4,"name":"Young Algaeneers Symposium 27/30 mai à l&#8217;UBS, Vannes"}]},{"@type":"WebSite","@id":"https://isblue.fr/en/#website","url":"https://isblue.fr/en/","name":"Ecole Universitaire de Recherche en sciences &amp; technologies marines","description":"Ecole Universitaire de Recherche en sciences &amp; technologies marines","publisher":{"@id":"https://isblue.fr/en/#organization"},"potentialAction":[{"@type":"SearchAction","target":{"@type":"EntryPoint","urlTemplate":"https://isblue.fr/en/?s={search_term_string}"},"query-input":"required name=search_term_string"}],"inLanguage":"en-US"},{"@type":"Organization","@id":"https://isblue.fr/en/#organization","name":"ISblue","url":"https://isblue.fr/en/","logo":{"@type":"ImageObject","inLanguage":"en-US","@id":"https://isblue.fr/en/#/schema/logo/image/","url":"https://www.isblue.fr/wp-content/uploads/2020/11/logo.png","contentUrl":"https://www.isblue.fr/wp-content/uploads/2020/11/logo.png","width":367,"height":49,"caption":"ISblue"},"image":{"@id":"https://isblue.fr/en/#/schema/logo/image/"}}]}</script>
<!-- / Yoast SEO plugin. -->

Young Algaeneers Symposium 27/30 mai à l'UBS, Vannes - Ecole Universitaire de Recherche en sciences &amp; technologies marines
