{"id":22205,"date":"2024-06-12T18:17:01","date_gmt":"2024-06-12T16:17:01","guid":{"rendered":"https:\/\/isblue.fr\/?post_type=cpt_evenements&#038;p=22205"},"modified":"2024-06-12T18:45:13","modified_gmt":"2024-06-12T16:45:13","slug":"plongee-sonore-au-coeur-des-oceans-evenement-grand-public-au-70-8-mardi-25-juin","status":"publish","type":"cpt_evenements","link":"https:\/\/isblue.fr\/en\/tous-les-evenements\/plongee-sonore-au-coeur-des-oceans-evenement-grand-public-au-70-8-mardi-25-juin\/","title":{"rendered":"Plong\u00e9e Sonore au c\u0153ur des oc\u00e9ans &#8211; \u00e9v\u00e9nement grand public au 70.8 &#8211; Mardi 25 juin"},"content":{"rendered":"\n<h3 class=\"wp-block-heading\">Un groupe de doctorants et de jeunes chercheurs de l&#8217;ENSTA Bretagne et du laboratoire Lab-Sticc, entre autres, propose de faire d\u00e9couvrir l&#8217;\u00e9tude des vocalisations animales, la bioacoustique, gr\u00e2ce des activit\u00e9s ludiques pour tous les publics. Cet \u00e9v\u00e9nement est gratuit sur inscription le mardi 25 juin au 70.8 by Oc\u00e9anopolis, un mus\u00e9e pour l\u2019oc\u00e9an, situ\u00e9 aux Ateliers des Capucins \u00e0 Brest.<\/h3>\n\n\n\n  <p class=\"wrap_zip_block-btn\">\n     <a class=\"zip_block-btn btn1\" href=\"https:\/\/www.70point8.com\/plongee-sonore-au-coeur-des-oceans\/\" target=\"\">Programme et inscriptions<\/a>\n  <\/p>\n  \n\n<div class=\"wp-block-image\">\n<figure class=\"aligncenter size-large\"><img decoding=\"async\" width=\"848\" height=\"1200\" src=\"https:\/\/isblue.fr\/wp-content\/uploads\/2024\/06\/CP-Bioacoustique_page-0006-848x1200.jpg\" alt=\"\" class=\"wp-image-22212\" srcset=\"https:\/\/isblue.fr\/wp-content\/uploads\/2024\/06\/CP-Bioacoustique_page-0006-848x1200.jpg 848w, https:\/\/isblue.fr\/wp-content\/uploads\/2024\/06\/CP-Bioacoustique_page-0006-566x800.jpg 566w, https:\/\/isblue.fr\/wp-content\/uploads\/2024\/06\/CP-Bioacoustique_page-0006-768x1086.jpg 768w, https:\/\/isblue.fr\/wp-content\/uploads\/2024\/06\/CP-Bioacoustique_page-0006-1343x1900.jpg 1343w, https:\/\/isblue.fr\/wp-content\/uploads\/2024\/06\/CP-Bioacoustique_page-0006-212x300.jpg 212w, https:\/\/isblue.fr\/wp-content\/uploads\/2024\/06\/CP-Bioacoustique_page-0006-1086x1536.jpg 1086w, https:\/\/isblue.fr\/wp-content\/uploads\/2024\/06\/CP-Bioacoustique_page-0006-905x1280.jpg 905w, https:\/\/isblue.fr\/wp-content\/uploads\/2024\/06\/CP-Bioacoustique_page-0006.jpg 1414w\" sizes=\"(max-width: 848px) 100vw, 848px\" \/><\/figure><\/div>\n\n\n<h2 class=\"wp-block-heading\">En savoir plus : <\/h2>\n\n\n\n<p>Cet \u00e9v\u00e9nement est organis\u00e9 dans le cadre du congr\u00e8s des Journ\u00e9es des Jeunes Acousticiens qui ont lieu du 25 au 28 juin \u00e0 Brest. <\/p>\n\n\n\n<ul>\n<li>Site web : <a href=\"https:\/\/jjbioacoustique.wixsite.com\/jjba\">Congr\u00e8s | Journ\u00e9e Des Jeunes Bioaousticien\u22c5nes<\/a><\/li>\n<\/ul>\n","protected":false},"author":2,"featured_media":22212,"parent":0,"template":"","taxo_evenements":[62],"acf":[],"yoast_head":"<!-- This site is optimized with the Yoast SEO plugin v21.9 - https:\/\/yoast.com\/wordpress\/plugins\/seo\/ -->\n<title>Plong\u00e9e Sonore au c\u0153ur des oc\u00e9ans - \u00e9v\u00e9nement grand public au 70.8 - Mardi 25 juin - Ecole Universitaire de Recherche en sciences &amp; technologies marines<\/title>\n<meta name=\"robots\" content=\"index, follow, max-snippet:-1, max-image-preview:large, max-video-preview:-1\" \/>\n<link rel=\"canonical\" href=\"https:\/\/isblue.fr\/en\/tous-les-evenements\/plongee-sonore-au-coeur-des-oceans-evenement-grand-public-au-70-8-mardi-25-juin\/\" \/>\n<meta property=\"og:locale\" content=\"en_US\" \/>\n<meta property=\"og:type\" content=\"article\" \/>\n<meta property=\"og:title\" content=\"Plong\u00e9e Sonore au c\u0153ur des oc\u00e9ans - \u00e9v\u00e9nement grand public au 70.8 - Mardi 25 juin - Ecole Universitaire de Recherche en sciences &amp; technologies marines\" \/>\n<meta property=\"og:url\" content=\"https:\/\/isblue.fr\/en\/tous-les-evenements\/plongee-sonore-au-coeur-des-oceans-evenement-grand-public-au-70-8-mardi-25-juin\/\" \/>\n<meta property=\"og:site_name\" content=\"Ecole Universitaire de Recherche en sciences &amp; technologies marines\" \/>\n<meta property=\"article:modified_time\" content=\"2024-06-12T16:45:13+00:00\" \/>\n<meta property=\"og:image\" content=\"https:\/\/isblue.fr\/wp-content\/uploads\/2024\/06\/CP-Bioacoustique_page-0006.jpg\" \/>\n\t<meta property=\"og:image:width\" content=\"1414\" \/>\n\t<meta property=\"og:image:height\" content=\"2000\" \/>\n\t<meta property=\"og:image:type\" content=\"image\/jpeg\" \/>\n<meta name=\"twitter:card\" content=\"summary_large_image\" \/>\n<meta name=\"twitter:label1\" content=\"Est. reading time\" \/>\n\t<meta name=\"twitter:data1\" content=\"1 minute\" \/>\n<script type=\"application\/ld+json\" class=\"yoast-schema-graph\">{\"@context\":\"https:\/\/schema.org\",\"@graph\":[{\"@type\":\"WebPage\",\"@id\":\"https:\/\/isblue.fr\/en\/tous-les-evenements\/plongee-sonore-au-coeur-des-oceans-evenement-grand-public-au-70-8-mardi-25-juin\/\",\"url\":\"https:\/\/isblue.fr\/en\/tous-les-evenements\/plongee-sonore-au-coeur-des-oceans-evenement-grand-public-au-70-8-mardi-25-juin\/\",\"name\":\"Plong\u00e9e Sonore au c\u0153ur des oc\u00e9ans - \u00e9v\u00e9nement grand public au 70.8 - Mardi 25 juin - Ecole Universitaire de Recherche en sciences &amp; technologies marines\",\"isPartOf\":{\"@id\":\"https:\/\/isblue.fr\/en\/#website\"},\"datePublished\":\"2024-06-12T16:17:01+00:00\",\"dateModified\":\"2024-06-12T16:45:13+00:00\",\"breadcrumb\":{\"@id\":\"https:\/\/isblue.fr\/en\/tous-les-evenements\/plongee-sonore-au-coeur-des-oceans-evenement-grand-public-au-70-8-mardi-25-juin\/#breadcrumb\"},\"inLanguage\":\"en-US\",\"potentialAction\":[{\"@type\":\"ReadAction\",\"target\":[\"https:\/\/isblue.fr\/en\/tous-les-evenements\/plongee-sonore-au-coeur-des-oceans-evenement-grand-public-au-70-8-mardi-25-juin\/\"]}]},{\"@type\":\"BreadcrumbList\",\"@id\":\"https:\/\/isblue.fr\/en\/tous-les-evenements\/plongee-sonore-au-coeur-des-oceans-evenement-grand-public-au-70-8-mardi-25-juin\/#breadcrumb\",\"itemListElement\":[{\"@type\":\"ListItem\",\"position\":1,\"name\":\"Home\",\"item\":\"https:\/\/isblue.fr\/en\/\"},{\"@type\":\"ListItem\",\"position\":2,\"name\":\"Events\",\"item\":\"https:\/\/isblue.fr\/en\/all-events\/\"},{\"@type\":\"ListItem\",\"position\":3,\"name\":\"Meeting\",\"item\":\"https:\/\/isblue.fr\/en\/event-types\/meeting\/\"},{\"@type\":\"ListItem\",\"position\":4,\"name\":\"Plong\u00e9e Sonore au c\u0153ur des oc\u00e9ans &#8211; \u00e9v\u00e9nement grand public au 70.8 &#8211; Mardi 25 juin\"}]},{\"@type\":\"WebSite\",\"@id\":\"https:\/\/isblue.fr\/en\/#website\",\"url\":\"https:\/\/isblue.fr\/en\/\",\"name\":\"Ecole Universitaire de Recherche en sciences &amp; technologies marines\",\"description\":\"Ecole Universitaire de Recherche en sciences &amp; technologies marines\",\"publisher\":{\"@id\":\"https:\/\/isblue.fr\/en\/#organization\"},\"potentialAction\":[{\"@type\":\"SearchAction\",\"target\":{\"@type\":\"EntryPoint\",\"urlTemplate\":\"https:\/\/isblue.fr\/en\/?s={search_term_string}\"},\"query-input\":\"required name=search_term_string\"}],\"inLanguage\":\"en-US\"},{\"@type\":\"Organization\",\"@id\":\"https:\/\/isblue.fr\/en\/#organization\",\"name\":\"ISblue\",\"url\":\"https:\/\/isblue.fr\/en\/\",\"logo\":{\"@type\":\"ImageObject\",\"inLanguage\":\"en-US\",\"@id\":\"https:\/\/isblue.fr\/en\/#\/schema\/logo\/image\/\",\"url\":\"https:\/\/www.isblue.fr\/wp-content\/uploads\/2020\/11\/logo.png\",\"contentUrl\":\"https:\/\/www.isblue.fr\/wp-content\/uploads\/2020\/11\/logo.png\",\"width\":367,\"height\":49,\"caption\":\"ISblue\"},\"image\":{\"@id\":\"https:\/\/isblue.fr\/en\/#\/schema\/logo\/image\/\"}}]}<\/script>\n<!-- \/ Yoast SEO plugin. -->","yoast_head_json":{"title":"Plong\u00e9e Sonore au c\u0153ur des oc\u00e9ans - \u00e9v\u00e9nement grand public au 70.8 - Mardi 25 juin - Ecole Universitaire de Recherche en sciences &amp; technologies marines","robots":{"index":"index","follow":"follow","max-snippet":"max-snippet:-1","max-image-preview":"max-image-preview:large","max-video-preview":"max-video-preview:-1"},"canonical":"https:\/\/isblue.fr\/en\/tous-les-evenements\/plongee-sonore-au-coeur-des-oceans-evenement-grand-public-au-70-8-mardi-25-juin\/","og_locale":"en_US","og_type":"article","og_title":"Plong\u00e9e Sonore au c\u0153ur des oc\u00e9ans - \u00e9v\u00e9nement grand public au 70.8 - Mardi 25 juin - Ecole Universitaire de Recherche en sciences &amp; technologies marines","og_url":"https:\/\/isblue.fr\/en\/tous-les-evenements\/plongee-sonore-au-coeur-des-oceans-evenement-grand-public-au-70-8-mardi-25-juin\/","og_site_name":"Ecole Universitaire de Recherche en sciences &amp; technologies marines","article_modified_time":"2024-06-12T16:45:13+00:00","og_image":[{"width":1414,"height":2000,"url":"https:\/\/isblue.fr\/wp-content\/uploads\/2024\/06\/CP-Bioacoustique_page-0006.jpg","type":"image\/jpeg"}],"twitter_card":"summary_large_image","twitter_misc":{"Est. reading time":"1 minute"},"schema":{"@context":"https:\/\/schema.org","@graph":[{"@type":"WebPage","@id":"https:\/\/isblue.fr\/en\/tous-les-evenements\/plongee-sonore-au-coeur-des-oceans-evenement-grand-public-au-70-8-mardi-25-juin\/","url":"https:\/\/isblue.fr\/en\/tous-les-evenements\/plongee-sonore-au-coeur-des-oceans-evenement-grand-public-au-70-8-mardi-25-juin\/","name":"Plong\u00e9e Sonore au c\u0153ur des oc\u00e9ans - \u00e9v\u00e9nement grand public au 70.8 - Mardi 25 juin - Ecole Universitaire de Recherche en sciences &amp; technologies marines","isPartOf":{"@id":"https:\/\/isblue.fr\/en\/#website"},"datePublished":"2024-06-12T16:17:01+00:00","dateModified":"2024-06-12T16:45:13+00:00","breadcrumb":{"@id":"https:\/\/isblue.fr\/en\/tous-les-evenements\/plongee-sonore-au-coeur-des-oceans-evenement-grand-public-au-70-8-mardi-25-juin\/#breadcrumb"},"inLanguage":"en-US","potentialAction":[{"@type":"ReadAction","target":["https:\/\/isblue.fr\/en\/tous-les-evenements\/plongee-sonore-au-coeur-des-oceans-evenement-grand-public-au-70-8-mardi-25-juin\/"]}]},{"@type":"BreadcrumbList","@id":"https:\/\/isblue.fr\/en\/tous-les-evenements\/plongee-sonore-au-coeur-des-oceans-evenement-grand-public-au-70-8-mardi-25-juin\/#breadcrumb","itemListElement":[{"@type":"ListItem","position":1,"name":"Home","item":"https:\/\/isblue.fr\/en\/"},{"@type":"ListItem","position":2,"name":"Events","item":"https:\/\/isblue.fr\/en\/all-events\/"},{"@type":"ListItem","position":3,"name":"Meeting","item":"https:\/\/isblue.fr\/en\/event-types\/meeting\/"},{"@type":"ListItem","position":4,"name":"Plong\u00e9e Sonore au c\u0153ur des oc\u00e9ans &#8211; \u00e9v\u00e9nement grand public au 70.8 &#8211; Mardi 25 juin"}]},{"@type":"WebSite","@id":"https:\/\/isblue.fr\/en\/#website","url":"https:\/\/isblue.fr\/en\/","name":"Ecole Universitaire de Recherche en sciences &amp; technologies marines","description":"Ecole Universitaire de Recherche en sciences &amp; technologies marines","publisher":{"@id":"https:\/\/isblue.fr\/en\/#organization"},"potentialAction":[{"@type":"SearchAction","target":{"@type":"EntryPoint","urlTemplate":"https:\/\/isblue.fr\/en\/?s={search_term_string}"},"query-input":"required name=search_term_string"}],"inLanguage":"en-US"},{"@type":"Organization","@id":"https:\/\/isblue.fr\/en\/#organization","name":"ISblue","url":"https:\/\/isblue.fr\/en\/","logo":{"@type":"ImageObject","inLanguage":"en-US","@id":"https:\/\/isblue.fr\/en\/#\/schema\/logo\/image\/","url":"https:\/\/www.isblue.fr\/wp-content\/uploads\/2020\/11\/logo.png","contentUrl":"https:\/\/www.isblue.fr\/wp-content\/uploads\/2020\/11\/logo.png","width":367,"height":49,"caption":"ISblue"},"image":{"@id":"https:\/\/isblue.fr\/en\/#\/schema\/logo\/image\/"}}]}},"_links":{"self":[{"href":"https:\/\/isblue.fr\/en\/wp-json\/wp\/v2\/cpt_evenements\/22205"}],"collection":[{"href":"https:\/\/isblue.fr\/en\/wp-json\/wp\/v2\/cpt_evenements"}],"about":[{"href":"https:\/\/isblue.fr\/en\/wp-json\/wp\/v2\/types\/cpt_evenements"}],"author":[{"embeddable":true,"href":"https:\/\/isblue.fr\/en\/wp-json\/wp\/v2\/users\/2"}],"version-history":[{"count":6,"href":"https:\/\/isblue.fr\/en\/wp-json\/wp\/v2\/cpt_evenements\/22205\/revisions"}],"predecessor-version":[{"id":22217,"href":"https:\/\/isblue.fr\/en\/wp-json\/wp\/v2\/cpt_evenements\/22205\/revisions\/22217"}],"wp:featuredmedia":[{"embeddable":true,"href":"https:\/\/isblue.fr\/en\/wp-json\/wp\/v2\/media\/22212"}],"wp:attachment":[{"href":"https:\/\/isblue.fr\/en\/wp-json\/wp\/v2\/media?parent=22205"}],"wp:term":[{"taxonomy":"taxo_evenements","embeddable":true,"href":"https:\/\/isblue.fr\/en\/wp-json\/wp\/v2\/taxo_evenements?post=22205"}],"curies":[{"name":"wp","href":"https:\/\/api.w.org\/{rel}","templated":true}]}}

Plongée Sonore au cœur des océans &#8211; événement grand public au 70.8 &#8211; Mardi 25 juin

<h3 class="wp-block-heading">Un groupe de doctorants et de jeunes chercheurs de l&#8217;ENSTA Bretagne et du laboratoire Lab-Sticc, entre autres, propose de faire découvrir l&#8217;étude des vocalisations animales, la bioacoustique, grâce des activités ludiques pour tous les publics. Cet événement est gratuit sur inscription le mardi 25 juin au 70.8 by Océanopolis, un musée pour l’océan, situé aux Ateliers des Capucins à Brest.</h3>



  <p class="wrap_zip_block-btn">
     <a class="zip_block-btn btn1" href="https://www.70point8.com/plongee-sonore-au-coeur-des-oceans/" target="">Programme et inscriptions</a>
  </p>
  

<div class="wp-block-image">
<figure class="aligncenter size-large"><img decoding="async" width="848" height="1200" src="https://isblue.fr/wp-content/uploads/2024/06/CP-Bioacoustique_page-0006-848x1200.jpg" alt="" class="wp-image-22212" srcset="https://isblue.fr/wp-content/uploads/2024/06/CP-Bioacoustique_page-0006-848x1200.jpg 848w, https://isblue.fr/wp-content/uploads/2024/06/CP-Bioacoustique_page-0006-566x800.jpg 566w, https://isblue.fr/wp-content/uploads/2024/06/CP-Bioacoustique_page-0006-768x1086.jpg 768w, https://isblue.fr/wp-content/uploads/2024/06/CP-Bioacoustique_page-0006-1343x1900.jpg 1343w, https://isblue.fr/wp-content/uploads/2024/06/CP-Bioacoustique_page-0006-212x300.jpg 212w, https://isblue.fr/wp-content/uploads/2024/06/CP-Bioacoustique_page-0006-1086x1536.jpg 1086w, https://isblue.fr/wp-content/uploads/2024/06/CP-Bioacoustique_page-0006-905x1280.jpg 905w, https://isblue.fr/wp-content/uploads/2024/06/CP-Bioacoustique_page-0006.jpg 1414w" sizes="(max-width: 848px) 100vw, 848px" /></figure></div>


<h2 class="wp-block-heading">En savoir plus : </h2>



<p>Cet événement est organisé dans le cadre du congrès des Journées des Jeunes Acousticiens qui ont lieu du 25 au 28 juin à Brest. </p>



<ul>
<li>Site web : <a href="https://jjbioacoustique.wixsite.com/jjba">Congrès | Journée Des Jeunes Bioaousticien⋅nes</a></li>
</ul>

<!-- This site is optimized with the Yoast SEO plugin v21.9 - https://yoast.com/wordpress/plugins/seo/ -->
<title>Plongée Sonore au cœur des océans - événement grand public au 70.8 - Mardi 25 juin - Ecole Universitaire de Recherche en sciences &amp; technologies marines</title>
<meta name="robots" content="index, follow, max-snippet:-1, max-image-preview:large, max-video-preview:-1" />
<link rel="canonical" href="https://isblue.fr/en/tous-les-evenements/plongee-sonore-au-coeur-des-oceans-evenement-grand-public-au-70-8-mardi-25-juin/" />
<meta property="og:locale" content="en_US" />
<meta property="og:type" content="article" />
<meta property="og:title" content="Plongée Sonore au cœur des océans - événement grand public au 70.8 - Mardi 25 juin - Ecole Universitaire de Recherche en sciences &amp; technologies marines" />
<meta property="og:url" content="https://isblue.fr/en/tous-les-evenements/plongee-sonore-au-coeur-des-oceans-evenement-grand-public-au-70-8-mardi-25-juin/" />
<meta property="og:site_name" content="Ecole Universitaire de Recherche en sciences &amp; technologies marines" />
<meta property="article:modified_time" content="2024-06-12T16:45:13+00:00" />
<meta property="og:image" content="https://isblue.fr/wp-content/uploads/2024/06/CP-Bioacoustique_page-0006.jpg" />
	<meta property="og:image:width" content="1414" />
	<meta property="og:image:height" content="2000" />
	<meta property="og:image:type" content="image/jpeg" />
<meta name="twitter:card" content="summary_large_image" />
<meta name="twitter:label1" content="Est. reading time" />
	<meta name="twitter:data1" content="1 minute" />
<script type="application/ld+json" class="yoast-schema-graph">{"@context":"https://schema.org","@graph":[{"@type":"WebPage","@id":"https://isblue.fr/en/tous-les-evenements/plongee-sonore-au-coeur-des-oceans-evenement-grand-public-au-70-8-mardi-25-juin/","url":"https://isblue.fr/en/tous-les-evenements/plongee-sonore-au-coeur-des-oceans-evenement-grand-public-au-70-8-mardi-25-juin/","name":"Plongée Sonore au cœur des océans - événement grand public au 70.8 - Mardi 25 juin - Ecole Universitaire de Recherche en sciences &amp; technologies marines","isPartOf":{"@id":"https://isblue.fr/en/#website"},"datePublished":"2024-06-12T16:17:01+00:00","dateModified":"2024-06-12T16:45:13+00:00","breadcrumb":{"@id":"https://isblue.fr/en/tous-les-evenements/plongee-sonore-au-coeur-des-oceans-evenement-grand-public-au-70-8-mardi-25-juin/#breadcrumb"},"inLanguage":"en-US","potentialAction":[{"@type":"ReadAction","target":["https://isblue.fr/en/tous-les-evenements/plongee-sonore-au-coeur-des-oceans-evenement-grand-public-au-70-8-mardi-25-juin/"]}]},{"@type":"BreadcrumbList","@id":"https://isblue.fr/en/tous-les-evenements/plongee-sonore-au-coeur-des-oceans-evenement-grand-public-au-70-8-mardi-25-juin/#breadcrumb","itemListElement":[{"@type":"ListItem","position":1,"name":"Home","item":"https://isblue.fr/en/"},{"@type":"ListItem","position":2,"name":"Events","item":"https://isblue.fr/en/all-events/"},{"@type":"ListItem","position":3,"name":"Meeting","item":"https://isblue.fr/en/event-types/meeting/"},{"@type":"ListItem","position":4,"name":"Plongée Sonore au cœur des océans &#8211; événement grand public au 70.8 &#8211; Mardi 25 juin"}]},{"@type":"WebSite","@id":"https://isblue.fr/en/#website","url":"https://isblue.fr/en/","name":"Ecole Universitaire de Recherche en sciences &amp; technologies marines","description":"Ecole Universitaire de Recherche en sciences &amp; technologies marines","publisher":{"@id":"https://isblue.fr/en/#organization"},"potentialAction":[{"@type":"SearchAction","target":{"@type":"EntryPoint","urlTemplate":"https://isblue.fr/en/?s={search_term_string}"},"query-input":"required name=search_term_string"}],"inLanguage":"en-US"},{"@type":"Organization","@id":"https://isblue.fr/en/#organization","name":"ISblue","url":"https://isblue.fr/en/","logo":{"@type":"ImageObject","inLanguage":"en-US","@id":"https://isblue.fr/en/#/schema/logo/image/","url":"https://www.isblue.fr/wp-content/uploads/2020/11/logo.png","contentUrl":"https://www.isblue.fr/wp-content/uploads/2020/11/logo.png","width":367,"height":49,"caption":"ISblue"},"image":{"@id":"https://isblue.fr/en/#/schema/logo/image/"}}]}</script>
<!-- / Yoast SEO plugin. -->

Plongée Sonore au cœur des océans - événement grand public au 70.8 - Mardi 25 juin - Ecole Universitaire de Recherche en sciences &amp; technologies marines
