{"id":27041,"date":"2025-02-13T16:17:43","date_gmt":"2025-02-13T15:17:43","guid":{"rendered":"https:\/\/isblue.fr\/?post_type=cpt_evenements&#038;p=27041"},"modified":"2025-02-13T16:18:17","modified_gmt":"2025-02-13T15:18:17","slug":"afterwork-etudiant-25-fevrier-2025","status":"publish","type":"cpt_evenements","link":"https:\/\/isblue.fr\/en\/tous-les-evenements\/afterwork-etudiant-25-fevrier-2025\/","title":{"rendered":"Afterwork \u00e9tudiant du HUB &#8211; 25 f\u00e9vrier 2025 \u00e0 17h30"},"content":{"rendered":"\n<p><strong>Inscrivez-vous pour participer au prochain Afterwork du HUB le mardi 25 f\u00e9vrier \u00e0 17h30 au P\u00f4le Num\u00e9rique Brest Iroise (PNBI), en face de l&#8217;IUEM \u00e0 Plouzan\u00e9. Inscription obligatoire !<\/strong><\/p>\n\n\n\n<p>Venez partager un moment convivial et rencontrer <strong><strong>Lucas Zaccagnini<\/strong>,<\/strong> de l&#8217;association <a href=\"https:\/\/desrequinsetdeshommes.org\/wordpress\/\">Des requins et des hommes<\/a>. Cet \u00e9v\u00e9nement est destin\u00e9 \u00e0 tous les \u00e9tudiant\u00b7es en Sciences et Technologies Marines du p\u00e9rim\u00e8tre ISblue. C\u2019est l\u2019occasion pour les \u00e9tudiants de l\u2019IUEM, de l\u2019UBS, de l\u2019ENIB, de l\u2019ENSTA Bretagne et de l\u2019IMT Atlantique de d\u00e9couvrir des m\u00e9tiers et des parcours et de d\u00e9velopper leur r\u00e9seau autour de planches et rafra\u00eechissements offerts.<\/p>\n\n\n\n  <p class=\"wrap_zip_block-btn\">\n     <a class=\"zip_block-btn btn1\" href=\"https:\/\/bit.ly\/4h9m3Qf\" target=\"\">Je m&#8217;inscris !<\/a>\n  <\/p>\n  \n\n\n<figure class=\"wp-block-image size-full\"><img decoding=\"async\" width=\"960\" height=\"540\" src=\"https:\/\/isblue.fr\/wp-content\/uploads\/2025\/02\/Afterwork-HUB-25-fevrier-2025.png\" alt=\"\" class=\"wp-image-27042\" srcset=\"https:\/\/isblue.fr\/wp-content\/uploads\/2025\/02\/Afterwork-HUB-25-fevrier-2025.png 960w, https:\/\/isblue.fr\/wp-content\/uploads\/2025\/02\/Afterwork-HUB-25-fevrier-2025-800x450.png 800w, https:\/\/isblue.fr\/wp-content\/uploads\/2025\/02\/Afterwork-HUB-25-fevrier-2025-768x432.png 768w, https:\/\/isblue.fr\/wp-content\/uploads\/2025\/02\/Afterwork-HUB-25-fevrier-2025-300x169.png 300w\" sizes=\"(max-width: 960px) 100vw, 960px\" \/><\/figure>\n\n\n\n<ul>\n<li><a href=\"https:\/\/isblue.fr\/isblue-hub\/\">En savoir + sur le HUB<\/a><\/li>\n\n\n\n<li>Contact : <a href=\"mailto:josephine.corre@univ-brest.fr\">Jos\u00e9phine Corre<\/a><\/li>\n<\/ul>\n","protected":false},"author":40,"featured_media":27042,"parent":0,"template":"","taxo_evenements":[62,61],"acf":[],"yoast_head":"<!-- This site is optimized with the Yoast SEO plugin v21.9 - https:\/\/yoast.com\/wordpress\/plugins\/seo\/ -->\n<title>Afterwork \u00e9tudiant du HUB - 25 f\u00e9vrier 2025 \u00e0 17h30 - Ecole Universitaire de Recherche en sciences &amp; technologies marines<\/title>\n<meta name=\"robots\" content=\"index, follow, max-snippet:-1, max-image-preview:large, max-video-preview:-1\" \/>\n<link rel=\"canonical\" href=\"https:\/\/isblue.fr\/en\/tous-les-evenements\/afterwork-etudiant-25-fevrier-2025\/\" \/>\n<meta property=\"og:locale\" content=\"en_US\" \/>\n<meta property=\"og:type\" content=\"article\" \/>\n<meta property=\"og:title\" content=\"Afterwork \u00e9tudiant du HUB - 25 f\u00e9vrier 2025 \u00e0 17h30 - Ecole Universitaire de Recherche en sciences &amp; technologies marines\" \/>\n<meta property=\"og:url\" content=\"https:\/\/isblue.fr\/en\/tous-les-evenements\/afterwork-etudiant-25-fevrier-2025\/\" \/>\n<meta property=\"og:site_name\" content=\"Ecole Universitaire de Recherche en sciences &amp; technologies marines\" \/>\n<meta property=\"article:modified_time\" content=\"2025-02-13T15:18:17+00:00\" \/>\n<meta property=\"og:image\" content=\"https:\/\/isblue.fr\/wp-content\/uploads\/2025\/02\/Afterwork-HUB-25-fevrier-2025.png\" \/>\n\t<meta property=\"og:image:width\" content=\"960\" \/>\n\t<meta property=\"og:image:height\" content=\"540\" \/>\n\t<meta property=\"og:image:type\" content=\"image\/png\" \/>\n<meta name=\"twitter:card\" content=\"summary_large_image\" \/>\n<meta name=\"twitter:label1\" content=\"Est. reading time\" \/>\n\t<meta name=\"twitter:data1\" content=\"1 minute\" \/>\n<script type=\"application\/ld+json\" class=\"yoast-schema-graph\">{\"@context\":\"https:\/\/schema.org\",\"@graph\":[{\"@type\":\"WebPage\",\"@id\":\"https:\/\/isblue.fr\/en\/tous-les-evenements\/afterwork-etudiant-25-fevrier-2025\/\",\"url\":\"https:\/\/isblue.fr\/en\/tous-les-evenements\/afterwork-etudiant-25-fevrier-2025\/\",\"name\":\"Afterwork \u00e9tudiant du HUB - 25 f\u00e9vrier 2025 \u00e0 17h30 - Ecole Universitaire de Recherche en sciences &amp; technologies marines\",\"isPartOf\":{\"@id\":\"https:\/\/isblue.fr\/en\/#website\"},\"datePublished\":\"2025-02-13T15:17:43+00:00\",\"dateModified\":\"2025-02-13T15:18:17+00:00\",\"breadcrumb\":{\"@id\":\"https:\/\/isblue.fr\/en\/tous-les-evenements\/afterwork-etudiant-25-fevrier-2025\/#breadcrumb\"},\"inLanguage\":\"en-US\",\"potentialAction\":[{\"@type\":\"ReadAction\",\"target\":[\"https:\/\/isblue.fr\/en\/tous-les-evenements\/afterwork-etudiant-25-fevrier-2025\/\"]}]},{\"@type\":\"BreadcrumbList\",\"@id\":\"https:\/\/isblue.fr\/en\/tous-les-evenements\/afterwork-etudiant-25-fevrier-2025\/#breadcrumb\",\"itemListElement\":[{\"@type\":\"ListItem\",\"position\":1,\"name\":\"Home\",\"item\":\"https:\/\/isblue.fr\/en\/\"},{\"@type\":\"ListItem\",\"position\":2,\"name\":\"Events\",\"item\":\"https:\/\/isblue.fr\/en\/all-events\/\"},{\"@type\":\"ListItem\",\"position\":3,\"name\":\"Meeting\",\"item\":\"https:\/\/isblue.fr\/en\/event-types\/meeting\/\"},{\"@type\":\"ListItem\",\"position\":4,\"name\":\"Afterwork \u00e9tudiant du HUB &#8211; 25 f\u00e9vrier 2025 \u00e0 17h30\"}]},{\"@type\":\"WebSite\",\"@id\":\"https:\/\/isblue.fr\/en\/#website\",\"url\":\"https:\/\/isblue.fr\/en\/\",\"name\":\"Ecole Universitaire de Recherche en sciences &amp; technologies marines\",\"description\":\"Ecole Universitaire de Recherche en sciences &amp; technologies marines\",\"publisher\":{\"@id\":\"https:\/\/isblue.fr\/en\/#organization\"},\"potentialAction\":[{\"@type\":\"SearchAction\",\"target\":{\"@type\":\"EntryPoint\",\"urlTemplate\":\"https:\/\/isblue.fr\/en\/?s={search_term_string}\"},\"query-input\":\"required name=search_term_string\"}],\"inLanguage\":\"en-US\"},{\"@type\":\"Organization\",\"@id\":\"https:\/\/isblue.fr\/en\/#organization\",\"name\":\"ISblue\",\"url\":\"https:\/\/isblue.fr\/en\/\",\"logo\":{\"@type\":\"ImageObject\",\"inLanguage\":\"en-US\",\"@id\":\"https:\/\/isblue.fr\/en\/#\/schema\/logo\/image\/\",\"url\":\"https:\/\/www.isblue.fr\/wp-content\/uploads\/2020\/11\/logo.png\",\"contentUrl\":\"https:\/\/www.isblue.fr\/wp-content\/uploads\/2020\/11\/logo.png\",\"width\":367,\"height\":49,\"caption\":\"ISblue\"},\"image\":{\"@id\":\"https:\/\/isblue.fr\/en\/#\/schema\/logo\/image\/\"}}]}<\/script>\n<!-- \/ Yoast SEO plugin. -->","yoast_head_json":{"title":"Afterwork \u00e9tudiant du HUB - 25 f\u00e9vrier 2025 \u00e0 17h30 - Ecole Universitaire de Recherche en sciences &amp; technologies marines","robots":{"index":"index","follow":"follow","max-snippet":"max-snippet:-1","max-image-preview":"max-image-preview:large","max-video-preview":"max-video-preview:-1"},"canonical":"https:\/\/isblue.fr\/en\/tous-les-evenements\/afterwork-etudiant-25-fevrier-2025\/","og_locale":"en_US","og_type":"article","og_title":"Afterwork \u00e9tudiant du HUB - 25 f\u00e9vrier 2025 \u00e0 17h30 - Ecole Universitaire de Recherche en sciences &amp; technologies marines","og_url":"https:\/\/isblue.fr\/en\/tous-les-evenements\/afterwork-etudiant-25-fevrier-2025\/","og_site_name":"Ecole Universitaire de Recherche en sciences &amp; technologies marines","article_modified_time":"2025-02-13T15:18:17+00:00","og_image":[{"width":960,"height":540,"url":"https:\/\/isblue.fr\/wp-content\/uploads\/2025\/02\/Afterwork-HUB-25-fevrier-2025.png","type":"image\/png"}],"twitter_card":"summary_large_image","twitter_misc":{"Est. reading time":"1 minute"},"schema":{"@context":"https:\/\/schema.org","@graph":[{"@type":"WebPage","@id":"https:\/\/isblue.fr\/en\/tous-les-evenements\/afterwork-etudiant-25-fevrier-2025\/","url":"https:\/\/isblue.fr\/en\/tous-les-evenements\/afterwork-etudiant-25-fevrier-2025\/","name":"Afterwork \u00e9tudiant du HUB - 25 f\u00e9vrier 2025 \u00e0 17h30 - Ecole Universitaire de Recherche en sciences &amp; technologies marines","isPartOf":{"@id":"https:\/\/isblue.fr\/en\/#website"},"datePublished":"2025-02-13T15:17:43+00:00","dateModified":"2025-02-13T15:18:17+00:00","breadcrumb":{"@id":"https:\/\/isblue.fr\/en\/tous-les-evenements\/afterwork-etudiant-25-fevrier-2025\/#breadcrumb"},"inLanguage":"en-US","potentialAction":[{"@type":"ReadAction","target":["https:\/\/isblue.fr\/en\/tous-les-evenements\/afterwork-etudiant-25-fevrier-2025\/"]}]},{"@type":"BreadcrumbList","@id":"https:\/\/isblue.fr\/en\/tous-les-evenements\/afterwork-etudiant-25-fevrier-2025\/#breadcrumb","itemListElement":[{"@type":"ListItem","position":1,"name":"Home","item":"https:\/\/isblue.fr\/en\/"},{"@type":"ListItem","position":2,"name":"Events","item":"https:\/\/isblue.fr\/en\/all-events\/"},{"@type":"ListItem","position":3,"name":"Meeting","item":"https:\/\/isblue.fr\/en\/event-types\/meeting\/"},{"@type":"ListItem","position":4,"name":"Afterwork \u00e9tudiant du HUB &#8211; 25 f\u00e9vrier 2025 \u00e0 17h30"}]},{"@type":"WebSite","@id":"https:\/\/isblue.fr\/en\/#website","url":"https:\/\/isblue.fr\/en\/","name":"Ecole Universitaire de Recherche en sciences &amp; technologies marines","description":"Ecole Universitaire de Recherche en sciences &amp; technologies marines","publisher":{"@id":"https:\/\/isblue.fr\/en\/#organization"},"potentialAction":[{"@type":"SearchAction","target":{"@type":"EntryPoint","urlTemplate":"https:\/\/isblue.fr\/en\/?s={search_term_string}"},"query-input":"required name=search_term_string"}],"inLanguage":"en-US"},{"@type":"Organization","@id":"https:\/\/isblue.fr\/en\/#organization","name":"ISblue","url":"https:\/\/isblue.fr\/en\/","logo":{"@type":"ImageObject","inLanguage":"en-US","@id":"https:\/\/isblue.fr\/en\/#\/schema\/logo\/image\/","url":"https:\/\/www.isblue.fr\/wp-content\/uploads\/2020\/11\/logo.png","contentUrl":"https:\/\/www.isblue.fr\/wp-content\/uploads\/2020\/11\/logo.png","width":367,"height":49,"caption":"ISblue"},"image":{"@id":"https:\/\/isblue.fr\/en\/#\/schema\/logo\/image\/"}}]}},"_links":{"self":[{"href":"https:\/\/isblue.fr\/en\/wp-json\/wp\/v2\/cpt_evenements\/27041"}],"collection":[{"href":"https:\/\/isblue.fr\/en\/wp-json\/wp\/v2\/cpt_evenements"}],"about":[{"href":"https:\/\/isblue.fr\/en\/wp-json\/wp\/v2\/types\/cpt_evenements"}],"author":[{"embeddable":true,"href":"https:\/\/isblue.fr\/en\/wp-json\/wp\/v2\/users\/40"}],"version-history":[{"count":1,"href":"https:\/\/isblue.fr\/en\/wp-json\/wp\/v2\/cpt_evenements\/27041\/revisions"}],"predecessor-version":[{"id":27044,"href":"https:\/\/isblue.fr\/en\/wp-json\/wp\/v2\/cpt_evenements\/27041\/revisions\/27044"}],"wp:featuredmedia":[{"embeddable":true,"href":"https:\/\/isblue.fr\/en\/wp-json\/wp\/v2\/media\/27042"}],"wp:attachment":[{"href":"https:\/\/isblue.fr\/en\/wp-json\/wp\/v2\/media?parent=27041"}],"wp:term":[{"taxonomy":"taxo_evenements","embeddable":true,"href":"https:\/\/isblue.fr\/en\/wp-json\/wp\/v2\/taxo_evenements?post=27041"}],"curies":[{"name":"wp","href":"https:\/\/api.w.org\/{rel}","templated":true}]}}

Afterwork étudiant du HUB &#8211; 25 février 2025 à 17h30

<p><strong>Inscrivez-vous pour participer au prochain Afterwork du HUB le mardi 25 février à 17h30 au Pôle Numérique Brest Iroise (PNBI), en face de l&#8217;IUEM à Plouzané. Inscription obligatoire !</strong></p>



<p>Venez partager un moment convivial et rencontrer <strong><strong>Lucas Zaccagnini</strong>,</strong> de l&#8217;association <a href="https://desrequinsetdeshommes.org/wordpress/">Des requins et des hommes</a>. Cet événement est destiné à tous les étudiant·es en Sciences et Technologies Marines du périmètre ISblue. C’est l’occasion pour les étudiants de l’IUEM, de l’UBS, de l’ENIB, de l’ENSTA Bretagne et de l’IMT Atlantique de découvrir des métiers et des parcours et de développer leur réseau autour de planches et rafraîchissements offerts.</p>



  <p class="wrap_zip_block-btn">
     <a class="zip_block-btn btn1" href="https://bit.ly/4h9m3Qf" target="">Je m&#8217;inscris !</a>
  </p>
  


<figure class="wp-block-image size-full"><img decoding="async" width="960" height="540" src="https://isblue.fr/wp-content/uploads/2025/02/Afterwork-HUB-25-fevrier-2025.png" alt="" class="wp-image-27042" srcset="https://isblue.fr/wp-content/uploads/2025/02/Afterwork-HUB-25-fevrier-2025.png 960w, https://isblue.fr/wp-content/uploads/2025/02/Afterwork-HUB-25-fevrier-2025-800x450.png 800w, https://isblue.fr/wp-content/uploads/2025/02/Afterwork-HUB-25-fevrier-2025-768x432.png 768w, https://isblue.fr/wp-content/uploads/2025/02/Afterwork-HUB-25-fevrier-2025-300x169.png 300w" sizes="(max-width: 960px) 100vw, 960px" /></figure>



<ul>
<li><a href="https://isblue.fr/isblue-hub/">En savoir + sur le HUB</a></li>



<li>Contact : <a href="mailto:josephine.corre@univ-brest.fr">Joséphine Corre</a></li>
</ul>

<!-- This site is optimized with the Yoast SEO plugin v21.9 - https://yoast.com/wordpress/plugins/seo/ -->
<title>Afterwork étudiant du HUB - 25 février 2025 à 17h30 - Ecole Universitaire de Recherche en sciences &amp; technologies marines</title>
<meta name="robots" content="index, follow, max-snippet:-1, max-image-preview:large, max-video-preview:-1" />
<link rel="canonical" href="https://isblue.fr/en/tous-les-evenements/afterwork-etudiant-25-fevrier-2025/" />
<meta property="og:locale" content="en_US" />
<meta property="og:type" content="article" />
<meta property="og:title" content="Afterwork étudiant du HUB - 25 février 2025 à 17h30 - Ecole Universitaire de Recherche en sciences &amp; technologies marines" />
<meta property="og:url" content="https://isblue.fr/en/tous-les-evenements/afterwork-etudiant-25-fevrier-2025/" />
<meta property="og:site_name" content="Ecole Universitaire de Recherche en sciences &amp; technologies marines" />
<meta property="article:modified_time" content="2025-02-13T15:18:17+00:00" />
<meta property="og:image" content="https://isblue.fr/wp-content/uploads/2025/02/Afterwork-HUB-25-fevrier-2025.png" />
	<meta property="og:image:width" content="960" />
	<meta property="og:image:height" content="540" />
	<meta property="og:image:type" content="image/png" />
<meta name="twitter:card" content="summary_large_image" />
<meta name="twitter:label1" content="Est. reading time" />
	<meta name="twitter:data1" content="1 minute" />
<script type="application/ld+json" class="yoast-schema-graph">{"@context":"https://schema.org","@graph":[{"@type":"WebPage","@id":"https://isblue.fr/en/tous-les-evenements/afterwork-etudiant-25-fevrier-2025/","url":"https://isblue.fr/en/tous-les-evenements/afterwork-etudiant-25-fevrier-2025/","name":"Afterwork étudiant du HUB - 25 février 2025 à 17h30 - Ecole Universitaire de Recherche en sciences &amp; technologies marines","isPartOf":{"@id":"https://isblue.fr/en/#website"},"datePublished":"2025-02-13T15:17:43+00:00","dateModified":"2025-02-13T15:18:17+00:00","breadcrumb":{"@id":"https://isblue.fr/en/tous-les-evenements/afterwork-etudiant-25-fevrier-2025/#breadcrumb"},"inLanguage":"en-US","potentialAction":[{"@type":"ReadAction","target":["https://isblue.fr/en/tous-les-evenements/afterwork-etudiant-25-fevrier-2025/"]}]},{"@type":"BreadcrumbList","@id":"https://isblue.fr/en/tous-les-evenements/afterwork-etudiant-25-fevrier-2025/#breadcrumb","itemListElement":[{"@type":"ListItem","position":1,"name":"Home","item":"https://isblue.fr/en/"},{"@type":"ListItem","position":2,"name":"Events","item":"https://isblue.fr/en/all-events/"},{"@type":"ListItem","position":3,"name":"Meeting","item":"https://isblue.fr/en/event-types/meeting/"},{"@type":"ListItem","position":4,"name":"Afterwork étudiant du HUB &#8211; 25 février 2025 à 17h30"}]},{"@type":"WebSite","@id":"https://isblue.fr/en/#website","url":"https://isblue.fr/en/","name":"Ecole Universitaire de Recherche en sciences &amp; technologies marines","description":"Ecole Universitaire de Recherche en sciences &amp; technologies marines","publisher":{"@id":"https://isblue.fr/en/#organization"},"potentialAction":[{"@type":"SearchAction","target":{"@type":"EntryPoint","urlTemplate":"https://isblue.fr/en/?s={search_term_string}"},"query-input":"required name=search_term_string"}],"inLanguage":"en-US"},{"@type":"Organization","@id":"https://isblue.fr/en/#organization","name":"ISblue","url":"https://isblue.fr/en/","logo":{"@type":"ImageObject","inLanguage":"en-US","@id":"https://isblue.fr/en/#/schema/logo/image/","url":"https://www.isblue.fr/wp-content/uploads/2020/11/logo.png","contentUrl":"https://www.isblue.fr/wp-content/uploads/2020/11/logo.png","width":367,"height":49,"caption":"ISblue"},"image":{"@id":"https://isblue.fr/en/#/schema/logo/image/"}}]}</script>
<!-- / Yoast SEO plugin. -->

Afterwork étudiant du HUB - 25 février 2025 à 17h30 - Ecole Universitaire de Recherche en sciences &amp; technologies marines
