{"id":31452,"date":"2025-10-27T12:23:08","date_gmt":"2025-10-27T11:23:08","guid":{"rendered":"https:\/\/isblue.fr\/?post_type=cpt_evenements&#038;p=31452"},"modified":"2026-02-10T17:53:34","modified_gmt":"2026-02-10T16:53:34","slug":"convention-isblue-en-transition-4-journee-de-co-construction","status":"publish","type":"cpt_evenements","link":"https:\/\/isblue.fr\/en\/tous-les-evenements\/convention-isblue-en-transition-4-journee-de-co-construction\/","title":{"rendered":"Convention ISblue en transition #4 &#8211; Journ\u00e9e de Co-construction"},"content":{"rendered":"<div class=\"wp-block-image\">\n<figure class=\"aligncenter size-full is-resized\"><img decoding=\"async\" width=\"794\" height=\"1123\" src=\"https:\/\/isblue.fr\/wp-content\/uploads\/2025\/10\/Affiches-BTH1-1.jpg\" alt=\"\" class=\"wp-image-32180\" style=\"width:276px;height:auto\" srcset=\"https:\/\/isblue.fr\/wp-content\/uploads\/2025\/10\/Affiches-BTH1-1.jpg 794w, https:\/\/isblue.fr\/wp-content\/uploads\/2025\/10\/Affiches-BTH1-1-566x800.jpg 566w, https:\/\/isblue.fr\/wp-content\/uploads\/2025\/10\/Affiches-BTH1-1-768x1086.jpg 768w, https:\/\/isblue.fr\/wp-content\/uploads\/2025\/10\/Affiches-BTH1-1-212x300.jpg 212w\" sizes=\"(max-width: 794px) 100vw, 794px\" \/><\/figure><\/div>\n\n\n<p><em><strong>L\u2019\u00e9quipe de <a href=\"https:\/\/isblue.fr\/se-former-avec-isblue\/blue-training-horizons\/\" target=\"_blank\" rel=\"noreferrer noopener\">Blue Training Horizons<\/a>&nbsp;vous invite \u00e0 participer \u00e0 six journ\u00e9es d&#8217;inspirations et de coop\u00e9rations pour co-construire les fondations d&#8217;une transformation de nos \u00e9tablissements et r\u00e9pondre aux enjeux des transitions socio-environnementales dans les enseignements.<\/strong><\/em><\/p>\n\n\n\n<p><strong><em>L&#8217;objectif : d\u00e9terminer des feuilles de routes coop\u00e9ratives co-construites par et pour les \u00e9tablissements qui r\u00e9pondent aux besoins des enseignant.es\/enseignant.es-chercheur.es et \u00e9tudiant.es en mati\u00e8re de formation et de comp\u00e9tences relatives aux enjeux socio-environnementaux dans les domaines des sciences et techniques de la mer et du littoral.<\/em><\/strong><\/p>\n\n\n\n<p>La quatri\u00e8me journ\u00e9e, intitul\u00e9e &#8220;Journ\u00e9e de Co-construction&#8221;, aura lieu le jeudi 5 mars \u00e0 l&#8217;ENSTA, Campus de Brest.<\/p>\n\n\n\n<p><strong>Au programme :<\/strong><\/p>\n\n\n\n<p>Comment coop\u00e9rer autrement ? Comment passer du partage d\u2019intentions \u00e0 l\u2019action collective, au-del\u00e0 des murs de nos \u00e9tablissements ?<\/p>\n\n\n\n<p>La Journ\u00e9e de Co-construction est un temps pour oser la collaboration r\u00e9elle, explorer les postures de coop\u00e9ration, et construire des modalit\u00e9s concr\u00e8tes d\u2019action collective, \u00e0 l\u2019\u00e9chelle d\u2019un \u00e9tablissement ou de plusieurs ensemble.<\/p>\n\n\n\n<p>Parce que transformer n\u2019a de sens que si chacun s\u2019y retrouve dans ces transformations.<\/p>\n\n\n\n<div style=\"position: relative; width: 100%; height: 0; padding-top: 141.4286%;\n padding-bottom: 0; box-shadow: 0 2px 8px 0 rgba(63,69,81,0.16); margin-top: 1.6em; margin-bottom: 0.9em; overflow: hidden;\n border-radius: 8px; will-change: transform;\">\n  <iframe loading=\"lazy\" style=\"position: absolute; width: 100%; height: 100%; top: 0; left: 0; border: none; padding: 0;margin: 0;\"\n    src=\"https:\/\/www.canva.com\/design\/DAG_4wCVqmY\/qKZy0wY8pcJJsINb8eX-_w\/view?embed\" allowfullscreen=\"allowfullscreen\" allow=\"fullscreen\">\n  <\/iframe>\n<\/div>\n<a href=\"https:&#x2F;&#x2F;www.canva.com&#x2F;design&#x2F;DAG_4wCVqmY&#x2F;qKZy0wY8pcJJsINb8eX-_w&#x2F;view?utm_content=DAG_4wCVqmY&amp;utm_campaign=designshare&amp;utm_medium=embeds&amp;utm_source=link\" target=\"_blank\" rel=\"noopener\">Programme Journ\u00e9e 05 Mars<\/a> par Mathieu Regnauld de la Soudi\u00e8re\n\n\n\n<div class=\"wp-block-columns is-layout-flex wp-container-core-columns-is-layout-1 wp-block-columns-is-layout-flex\">\n<div class=\"wp-block-column is-layout-flow wp-block-column-is-layout-flow\">\n  <p class=\"wrap_zip_block-btn\">\n     <a class=\"zip_block-btn btn1\" href=\"https:\/\/www.canva.com\/design\/DAGrz7R3ubI\/SrwD-LZzsalraE9A_ZjpZA\/view?utm_content=DAGrz7R3ubI&#038;utm_campaign=designshare&#038;utm_medium=link2&#038;utm_source=uniquelinks&#038;utlId=h2bc86ad4ad\" target=\"\">Consulter le programme complet<\/a>\n  <\/p>\n  <\/div>\n<\/div>\n\n\n\n<p><strong>Contact et inscription :<\/strong> <a href=\"mailto:BTH@isblue.fr\">BTH@isblue.fr<\/a><\/p>\n","protected":false},"author":40,"featured_media":32180,"parent":0,"template":"","taxo_evenements":[],"acf":[],"yoast_head":"<!-- This site is optimized with the Yoast SEO plugin v21.9 - https:\/\/yoast.com\/wordpress\/plugins\/seo\/ -->\n<title>Convention ISblue en transition #4 - Journ\u00e9e de Co-construction - Ecole Universitaire de Recherche en sciences &amp; technologies marines<\/title>\n<meta name=\"robots\" content=\"index, follow, max-snippet:-1, max-image-preview:large, max-video-preview:-1\" \/>\n<link rel=\"canonical\" href=\"https:\/\/isblue.fr\/en\/tous-les-evenements\/convention-isblue-en-transition-4-journee-de-co-construction\/\" \/>\n<meta property=\"og:locale\" content=\"en_US\" \/>\n<meta property=\"og:type\" content=\"article\" \/>\n<meta property=\"og:title\" content=\"Convention ISblue en transition #4 - Journ\u00e9e de Co-construction - Ecole Universitaire de Recherche en sciences &amp; technologies marines\" \/>\n<meta property=\"og:url\" content=\"https:\/\/isblue.fr\/en\/tous-les-evenements\/convention-isblue-en-transition-4-journee-de-co-construction\/\" \/>\n<meta property=\"og:site_name\" content=\"Ecole Universitaire de Recherche en sciences &amp; technologies marines\" \/>\n<meta property=\"article:modified_time\" content=\"2026-02-10T16:53:34+00:00\" \/>\n<meta property=\"og:image\" content=\"https:\/\/isblue.fr\/wp-content\/uploads\/2025\/10\/Affiches-BTH1-1.jpg\" \/>\n\t<meta property=\"og:image:width\" content=\"794\" \/>\n\t<meta property=\"og:image:height\" content=\"1123\" \/>\n\t<meta property=\"og:image:type\" content=\"image\/jpeg\" \/>\n<meta name=\"twitter:card\" content=\"summary_large_image\" \/>\n<meta name=\"twitter:label1\" content=\"Est. reading time\" \/>\n\t<meta name=\"twitter:data1\" content=\"2 minutes\" \/>\n<script type=\"application\/ld+json\" class=\"yoast-schema-graph\">{\"@context\":\"https:\/\/schema.org\",\"@graph\":[{\"@type\":\"WebPage\",\"@id\":\"https:\/\/isblue.fr\/en\/tous-les-evenements\/convention-isblue-en-transition-4-journee-de-co-construction\/\",\"url\":\"https:\/\/isblue.fr\/en\/tous-les-evenements\/convention-isblue-en-transition-4-journee-de-co-construction\/\",\"name\":\"Convention ISblue en transition #4 - Journ\u00e9e de Co-construction - Ecole Universitaire de Recherche en sciences &amp; technologies marines\",\"isPartOf\":{\"@id\":\"https:\/\/isblue.fr\/en\/#website\"},\"datePublished\":\"2025-10-27T11:23:08+00:00\",\"dateModified\":\"2026-02-10T16:53:34+00:00\",\"breadcrumb\":{\"@id\":\"https:\/\/isblue.fr\/en\/tous-les-evenements\/convention-isblue-en-transition-4-journee-de-co-construction\/#breadcrumb\"},\"inLanguage\":\"en-US\",\"potentialAction\":[{\"@type\":\"ReadAction\",\"target\":[\"https:\/\/isblue.fr\/en\/tous-les-evenements\/convention-isblue-en-transition-4-journee-de-co-construction\/\"]}]},{\"@type\":\"BreadcrumbList\",\"@id\":\"https:\/\/isblue.fr\/en\/tous-les-evenements\/convention-isblue-en-transition-4-journee-de-co-construction\/#breadcrumb\",\"itemListElement\":[{\"@type\":\"ListItem\",\"position\":1,\"name\":\"Home\",\"item\":\"https:\/\/isblue.fr\/en\/\"},{\"@type\":\"ListItem\",\"position\":2,\"name\":\"Events\",\"item\":\"https:\/\/isblue.fr\/en\/all-events\/\"},{\"@type\":\"ListItem\",\"position\":3,\"name\":\"Convention ISblue en transition #4 &#8211; Journ\u00e9e de Co-construction\"}]},{\"@type\":\"WebSite\",\"@id\":\"https:\/\/isblue.fr\/en\/#website\",\"url\":\"https:\/\/isblue.fr\/en\/\",\"name\":\"Ecole Universitaire de Recherche en sciences &amp; technologies marines\",\"description\":\"Ecole Universitaire de Recherche en sciences &amp; technologies marines\",\"publisher\":{\"@id\":\"https:\/\/isblue.fr\/en\/#organization\"},\"potentialAction\":[{\"@type\":\"SearchAction\",\"target\":{\"@type\":\"EntryPoint\",\"urlTemplate\":\"https:\/\/isblue.fr\/en\/?s={search_term_string}\"},\"query-input\":\"required name=search_term_string\"}],\"inLanguage\":\"en-US\"},{\"@type\":\"Organization\",\"@id\":\"https:\/\/isblue.fr\/en\/#organization\",\"name\":\"ISblue\",\"url\":\"https:\/\/isblue.fr\/en\/\",\"logo\":{\"@type\":\"ImageObject\",\"inLanguage\":\"en-US\",\"@id\":\"https:\/\/isblue.fr\/en\/#\/schema\/logo\/image\/\",\"url\":\"https:\/\/www.isblue.fr\/wp-content\/uploads\/2020\/11\/logo.png\",\"contentUrl\":\"https:\/\/www.isblue.fr\/wp-content\/uploads\/2020\/11\/logo.png\",\"width\":367,\"height\":49,\"caption\":\"ISblue\"},\"image\":{\"@id\":\"https:\/\/isblue.fr\/en\/#\/schema\/logo\/image\/\"}}]}<\/script>\n<!-- \/ Yoast SEO plugin. -->","yoast_head_json":{"title":"Convention ISblue en transition #4 - Journ\u00e9e de Co-construction - Ecole Universitaire de Recherche en sciences &amp; technologies marines","robots":{"index":"index","follow":"follow","max-snippet":"max-snippet:-1","max-image-preview":"max-image-preview:large","max-video-preview":"max-video-preview:-1"},"canonical":"https:\/\/isblue.fr\/en\/tous-les-evenements\/convention-isblue-en-transition-4-journee-de-co-construction\/","og_locale":"en_US","og_type":"article","og_title":"Convention ISblue en transition #4 - Journ\u00e9e de Co-construction - Ecole Universitaire de Recherche en sciences &amp; technologies marines","og_url":"https:\/\/isblue.fr\/en\/tous-les-evenements\/convention-isblue-en-transition-4-journee-de-co-construction\/","og_site_name":"Ecole Universitaire de Recherche en sciences &amp; technologies marines","article_modified_time":"2026-02-10T16:53:34+00:00","og_image":[{"width":794,"height":1123,"url":"https:\/\/isblue.fr\/wp-content\/uploads\/2025\/10\/Affiches-BTH1-1.jpg","type":"image\/jpeg"}],"twitter_card":"summary_large_image","twitter_misc":{"Est. reading time":"2 minutes"},"schema":{"@context":"https:\/\/schema.org","@graph":[{"@type":"WebPage","@id":"https:\/\/isblue.fr\/en\/tous-les-evenements\/convention-isblue-en-transition-4-journee-de-co-construction\/","url":"https:\/\/isblue.fr\/en\/tous-les-evenements\/convention-isblue-en-transition-4-journee-de-co-construction\/","name":"Convention ISblue en transition #4 - Journ\u00e9e de Co-construction - Ecole Universitaire de Recherche en sciences &amp; technologies marines","isPartOf":{"@id":"https:\/\/isblue.fr\/en\/#website"},"datePublished":"2025-10-27T11:23:08+00:00","dateModified":"2026-02-10T16:53:34+00:00","breadcrumb":{"@id":"https:\/\/isblue.fr\/en\/tous-les-evenements\/convention-isblue-en-transition-4-journee-de-co-construction\/#breadcrumb"},"inLanguage":"en-US","potentialAction":[{"@type":"ReadAction","target":["https:\/\/isblue.fr\/en\/tous-les-evenements\/convention-isblue-en-transition-4-journee-de-co-construction\/"]}]},{"@type":"BreadcrumbList","@id":"https:\/\/isblue.fr\/en\/tous-les-evenements\/convention-isblue-en-transition-4-journee-de-co-construction\/#breadcrumb","itemListElement":[{"@type":"ListItem","position":1,"name":"Home","item":"https:\/\/isblue.fr\/en\/"},{"@type":"ListItem","position":2,"name":"Events","item":"https:\/\/isblue.fr\/en\/all-events\/"},{"@type":"ListItem","position":3,"name":"Convention ISblue en transition #4 &#8211; Journ\u00e9e de Co-construction"}]},{"@type":"WebSite","@id":"https:\/\/isblue.fr\/en\/#website","url":"https:\/\/isblue.fr\/en\/","name":"Ecole Universitaire de Recherche en sciences &amp; technologies marines","description":"Ecole Universitaire de Recherche en sciences &amp; technologies marines","publisher":{"@id":"https:\/\/isblue.fr\/en\/#organization"},"potentialAction":[{"@type":"SearchAction","target":{"@type":"EntryPoint","urlTemplate":"https:\/\/isblue.fr\/en\/?s={search_term_string}"},"query-input":"required name=search_term_string"}],"inLanguage":"en-US"},{"@type":"Organization","@id":"https:\/\/isblue.fr\/en\/#organization","name":"ISblue","url":"https:\/\/isblue.fr\/en\/","logo":{"@type":"ImageObject","inLanguage":"en-US","@id":"https:\/\/isblue.fr\/en\/#\/schema\/logo\/image\/","url":"https:\/\/www.isblue.fr\/wp-content\/uploads\/2020\/11\/logo.png","contentUrl":"https:\/\/www.isblue.fr\/wp-content\/uploads\/2020\/11\/logo.png","width":367,"height":49,"caption":"ISblue"},"image":{"@id":"https:\/\/isblue.fr\/en\/#\/schema\/logo\/image\/"}}]}},"_links":{"self":[{"href":"https:\/\/isblue.fr\/en\/wp-json\/wp\/v2\/cpt_evenements\/31452"}],"collection":[{"href":"https:\/\/isblue.fr\/en\/wp-json\/wp\/v2\/cpt_evenements"}],"about":[{"href":"https:\/\/isblue.fr\/en\/wp-json\/wp\/v2\/types\/cpt_evenements"}],"author":[{"embeddable":true,"href":"https:\/\/isblue.fr\/en\/wp-json\/wp\/v2\/users\/40"}],"version-history":[{"count":7,"href":"https:\/\/isblue.fr\/en\/wp-json\/wp\/v2\/cpt_evenements\/31452\/revisions"}],"predecessor-version":[{"id":32533,"href":"https:\/\/isblue.fr\/en\/wp-json\/wp\/v2\/cpt_evenements\/31452\/revisions\/32533"}],"wp:featuredmedia":[{"embeddable":true,"href":"https:\/\/isblue.fr\/en\/wp-json\/wp\/v2\/media\/32180"}],"wp:attachment":[{"href":"https:\/\/isblue.fr\/en\/wp-json\/wp\/v2\/media?parent=31452"}],"wp:term":[{"taxonomy":"taxo_evenements","embeddable":true,"href":"https:\/\/isblue.fr\/en\/wp-json\/wp\/v2\/taxo_evenements?post=31452"}],"curies":[{"name":"wp","href":"https:\/\/api.w.org\/{rel}","templated":true}]}}

Convention ISblue en transition #4 &#8211; Journée de Co-construction

<div class="wp-block-image">
<figure class="aligncenter size-full is-resized"><img decoding="async" width="794" height="1123" src="https://isblue.fr/wp-content/uploads/2025/10/Affiches-BTH1-1.jpg" alt="" class="wp-image-32180" style="width:276px;height:auto" srcset="https://isblue.fr/wp-content/uploads/2025/10/Affiches-BTH1-1.jpg 794w, https://isblue.fr/wp-content/uploads/2025/10/Affiches-BTH1-1-566x800.jpg 566w, https://isblue.fr/wp-content/uploads/2025/10/Affiches-BTH1-1-768x1086.jpg 768w, https://isblue.fr/wp-content/uploads/2025/10/Affiches-BTH1-1-212x300.jpg 212w" sizes="(max-width: 794px) 100vw, 794px" /></figure></div>


<p><em><strong>L’équipe de <a href="https://isblue.fr/se-former-avec-isblue/blue-training-horizons/" target="_blank" rel="noreferrer noopener">Blue Training Horizons</a>&nbsp;vous invite à participer à six journées d&#8217;inspirations et de coopérations pour co-construire les fondations d&#8217;une transformation de nos établissements et répondre aux enjeux des transitions socio-environnementales dans les enseignements.</strong></em></p>



<p><strong><em>L&#8217;objectif : déterminer des feuilles de routes coopératives co-construites par et pour les établissements qui répondent aux besoins des enseignant.es/enseignant.es-chercheur.es et étudiant.es en matière de formation et de compétences relatives aux enjeux socio-environnementaux dans les domaines des sciences et techniques de la mer et du littoral.</em></strong></p>



<p>La quatrième journée, intitulée &#8220;Journée de Co-construction&#8221;, aura lieu le jeudi 5 mars à l&#8217;ENSTA, Campus de Brest.</p>



<p><strong>Au programme :</strong></p>



<p>Comment coopérer autrement ? Comment passer du partage d’intentions à l’action collective, au-delà des murs de nos établissements ?</p>



<p>La Journée de Co-construction est un temps pour oser la collaboration réelle, explorer les postures de coopération, et construire des modalités concrètes d’action collective, à l’échelle d’un établissement ou de plusieurs ensemble.</p>



<p>Parce que transformer n’a de sens que si chacun s’y retrouve dans ces transformations.</p>



<div style="position: relative; width: 100%; height: 0; padding-top: 141.4286%;
 padding-bottom: 0; box-shadow: 0 2px 8px 0 rgba(63,69,81,0.16); margin-top: 1.6em; margin-bottom: 0.9em; overflow: hidden;
 border-radius: 8px; will-change: transform;">
  <iframe loading="lazy" style="position: absolute; width: 100%; height: 100%; top: 0; left: 0; border: none; padding: 0;margin: 0;"
    src="https://www.canva.com/design/DAG_4wCVqmY/qKZy0wY8pcJJsINb8eX-_w/view?embed" allowfullscreen="allowfullscreen" allow="fullscreen">
  </iframe>
</div>
<a href="https:&#x2F;&#x2F;www.canva.com&#x2F;design&#x2F;DAG_4wCVqmY&#x2F;qKZy0wY8pcJJsINb8eX-_w&#x2F;view?utm_content=DAG_4wCVqmY&amp;utm_campaign=designshare&amp;utm_medium=embeds&amp;utm_source=link" target="_blank" rel="noopener">Programme Journée 05 Mars</a> par Mathieu Regnauld de la Soudière



<div class="wp-block-columns is-layout-flex wp-container-core-columns-is-layout-1 wp-block-columns-is-layout-flex">
<div class="wp-block-column is-layout-flow wp-block-column-is-layout-flow">
  <p class="wrap_zip_block-btn">
     <a class="zip_block-btn btn1" href="https://www.canva.com/design/DAGrz7R3ubI/SrwD-LZzsalraE9A_ZjpZA/view?utm_content=DAGrz7R3ubI&#038;utm_campaign=designshare&#038;utm_medium=link2&#038;utm_source=uniquelinks&#038;utlId=h2bc86ad4ad" target="">Consulter le programme complet</a>
  </p>
  </div>
</div>



<p><strong>Contact et inscription :</strong> <a href="mailto:BTH@isblue.fr">BTH@isblue.fr</a></p>

<!-- This site is optimized with the Yoast SEO plugin v21.9 - https://yoast.com/wordpress/plugins/seo/ -->
<title>Convention ISblue en transition #4 - Journée de Co-construction - Ecole Universitaire de Recherche en sciences &amp; technologies marines</title>
<meta name="robots" content="index, follow, max-snippet:-1, max-image-preview:large, max-video-preview:-1" />
<link rel="canonical" href="https://isblue.fr/en/tous-les-evenements/convention-isblue-en-transition-4-journee-de-co-construction/" />
<meta property="og:locale" content="en_US" />
<meta property="og:type" content="article" />
<meta property="og:title" content="Convention ISblue en transition #4 - Journée de Co-construction - Ecole Universitaire de Recherche en sciences &amp; technologies marines" />
<meta property="og:url" content="https://isblue.fr/en/tous-les-evenements/convention-isblue-en-transition-4-journee-de-co-construction/" />
<meta property="og:site_name" content="Ecole Universitaire de Recherche en sciences &amp; technologies marines" />
<meta property="article:modified_time" content="2026-02-10T16:53:34+00:00" />
<meta property="og:image" content="https://isblue.fr/wp-content/uploads/2025/10/Affiches-BTH1-1.jpg" />
	<meta property="og:image:width" content="794" />
	<meta property="og:image:height" content="1123" />
	<meta property="og:image:type" content="image/jpeg" />
<meta name="twitter:card" content="summary_large_image" />
<meta name="twitter:label1" content="Est. reading time" />
	<meta name="twitter:data1" content="2 minutes" />
<script type="application/ld+json" class="yoast-schema-graph">{"@context":"https://schema.org","@graph":[{"@type":"WebPage","@id":"https://isblue.fr/en/tous-les-evenements/convention-isblue-en-transition-4-journee-de-co-construction/","url":"https://isblue.fr/en/tous-les-evenements/convention-isblue-en-transition-4-journee-de-co-construction/","name":"Convention ISblue en transition #4 - Journée de Co-construction - Ecole Universitaire de Recherche en sciences &amp; technologies marines","isPartOf":{"@id":"https://isblue.fr/en/#website"},"datePublished":"2025-10-27T11:23:08+00:00","dateModified":"2026-02-10T16:53:34+00:00","breadcrumb":{"@id":"https://isblue.fr/en/tous-les-evenements/convention-isblue-en-transition-4-journee-de-co-construction/#breadcrumb"},"inLanguage":"en-US","potentialAction":[{"@type":"ReadAction","target":["https://isblue.fr/en/tous-les-evenements/convention-isblue-en-transition-4-journee-de-co-construction/"]}]},{"@type":"BreadcrumbList","@id":"https://isblue.fr/en/tous-les-evenements/convention-isblue-en-transition-4-journee-de-co-construction/#breadcrumb","itemListElement":[{"@type":"ListItem","position":1,"name":"Home","item":"https://isblue.fr/en/"},{"@type":"ListItem","position":2,"name":"Events","item":"https://isblue.fr/en/all-events/"},{"@type":"ListItem","position":3,"name":"Convention ISblue en transition #4 &#8211; Journée de Co-construction"}]},{"@type":"WebSite","@id":"https://isblue.fr/en/#website","url":"https://isblue.fr/en/","name":"Ecole Universitaire de Recherche en sciences &amp; technologies marines","description":"Ecole Universitaire de Recherche en sciences &amp; technologies marines","publisher":{"@id":"https://isblue.fr/en/#organization"},"potentialAction":[{"@type":"SearchAction","target":{"@type":"EntryPoint","urlTemplate":"https://isblue.fr/en/?s={search_term_string}"},"query-input":"required name=search_term_string"}],"inLanguage":"en-US"},{"@type":"Organization","@id":"https://isblue.fr/en/#organization","name":"ISblue","url":"https://isblue.fr/en/","logo":{"@type":"ImageObject","inLanguage":"en-US","@id":"https://isblue.fr/en/#/schema/logo/image/","url":"https://www.isblue.fr/wp-content/uploads/2020/11/logo.png","contentUrl":"https://www.isblue.fr/wp-content/uploads/2020/11/logo.png","width":367,"height":49,"caption":"ISblue"},"image":{"@id":"https://isblue.fr/en/#/schema/logo/image/"}}]}</script>
<!-- / Yoast SEO plugin. -->

Convention ISblue en transition #4 - Journée de Co-construction - Ecole Universitaire de Recherche en sciences &amp; technologies marines
