{"id":3878,"date":"2021-10-22T12:55:09","date_gmt":"2021-10-22T10:55:09","guid":{"rendered":"https:\/\/www.isblue.fr\/?post_type=cpt_evenements&#038;p=3878"},"modified":"2021-10-22T13:12:37","modified_gmt":"2021-10-22T11:12:37","slug":"commod-formation-a-la-modelisation-daccompagnement-17-21-janvier-2022","status":"publish","type":"cpt_evenements","link":"https:\/\/isblue.fr\/en\/tous-les-evenements\/commod-formation-a-la-modelisation-daccompagnement-17-21-janvier-2022\/","title":{"rendered":"ComMod : Formation \u00e0 la mod\u00e9lisation d\u2019accompagnement &#8211; 17\/21 janvier 2022"},"content":{"rendered":"\n<h2 class=\"wp-block-heading\"><strong>Une<\/strong> <strong>formation ComMod \u00e0 la mod\u00e9lisation d&#8217;accompagnement est organis\u00e9e \u00e0 Plouzan\u00e9<\/strong> <strong>du 17 au 21 janvier 2022 (de 9h \u00e0 17h). <\/strong><\/h2>\n\n\n\n<p>Financ\u00e9e dans le cadre de l&#8217;AAP Formation ISblue,<strong> <\/strong>la formation s&#8217;adresse aux <strong>chercheurs, enseignants-chercheurs, ing\u00e9nieurs et doctorants du <a href=\"https:\/\/www.isblue.fr\/categories-de-formations\/masters\/\">p\u00e9rim\u00e8tre ISblue<\/a>,<\/strong> pratiquant ou \u00e9tant int\u00e9ress\u00e9s pour d\u00e9velopper des travaux de mod\u00e9lisation d\u2019accompagnement, des jeux s\u00e9rieux, des approches participatives pour l\u2019engagement des acteurs et la co-construction de connaissances ou pour la construction de sc\u00e9narios prospectifs avec des acteurs. Elle pourra \u00e9galement concerner exceptionnellement des M2 ayant pr\u00e9vu de mobiliser la d\u00e9marche ComMod dans le cadre de leur stage.<\/p>\n\n\n\n<p><strong>La formation est dimensionn\u00e9e pour 20 participants.<\/strong><\/p>\n\n\n\n<p>Le formulaire sert de candidature et servira \u00e0 s\u00e9lectionner les participants si plus de 20 demandes sont re\u00e7ues. Il sera tenu compte pour cela de la motivation des candidats, des impacts attendus de la formation pour ISblue en termes de recherche et d&#8217;enseignement et de la diversit\u00e9 des participants en termes de disciplines et d&#8217;unit\u00e9s de recherche.  Une participation assidue \u00e0 l&#8217;ensemble de la semaine de formation est demand\u00e9e aux participants.<\/p>\n\n\n\n<p>Les inscriptions sont ouvertes jusqu&#8217;au <strong>6 novembre inclus.<\/strong> La validation de l&#8217;inscription sera communiqu\u00e9e aux participants<strong> au plus tard fin novembre.<\/strong><\/p>\n\n\n\n  <p class=\"wrap_zip_block-btn\">\n     <a class=\"zip_block-btn btn1\" href=\"https:\/\/docs.google.com\/forms\/d\/e\/1FAIpQLScV55yDmebwpCoD_6rYSK7keCI8PxGbVezy2dkEHpRb76UPMQ\/viewform?usp=sf_link\" target=\"\">Inscriptions jusqu&#8217;au 06 Novembre 2021<\/a>\n  <\/p>\n  \n\n\n<p><a href=\"https:\/\/www.isblue.fr\/wp-content\/uploads\/2021\/10\/Description_Formation-ComMod-Isblue-1.pdf\"><strong>Cliquer ici pour en savoir plus sur les objectifs et la m\u00e9thodologie de cette formation.<\/strong><\/a><\/p>\n\n\n\n<p><strong>Pour plus d&#8217;informations, contacter:<\/strong> <\/p>\n\n\n\n<p><strong><a href=\"mailto:claire.macher@ifremer.fr\">Claire Macher<\/a> <\/strong>ou <strong><a href=\"mailto:frederique.alban@univ-brest.fr\">Fr\u00e9d\u00e9rique Alban<\/a><\/strong><\/p>\n","protected":false},"author":11,"featured_media":3884,"parent":0,"template":"","taxo_evenements":[64,16],"acf":[],"yoast_head":"<!-- This site is optimized with the Yoast SEO plugin v21.9 - https:\/\/yoast.com\/wordpress\/plugins\/seo\/ -->\n<title>ComMod : Formation \u00e0 la mod\u00e9lisation d\u2019accompagnement - 17\/21 janvier 2022 - Ecole Universitaire de Recherche en sciences &amp; technologies marines<\/title>\n<meta name=\"robots\" content=\"index, follow, max-snippet:-1, max-image-preview:large, max-video-preview:-1\" \/>\n<link rel=\"canonical\" href=\"https:\/\/isblue.fr\/en\/tous-les-evenements\/commod-formation-a-la-modelisation-daccompagnement-17-21-janvier-2022\/\" \/>\n<meta property=\"og:locale\" content=\"en_US\" \/>\n<meta property=\"og:type\" content=\"article\" \/>\n<meta property=\"og:title\" content=\"ComMod : Formation \u00e0 la mod\u00e9lisation d\u2019accompagnement - 17\/21 janvier 2022 - Ecole Universitaire de Recherche en sciences &amp; technologies marines\" \/>\n<meta property=\"og:url\" content=\"https:\/\/isblue.fr\/en\/tous-les-evenements\/commod-formation-a-la-modelisation-daccompagnement-17-21-janvier-2022\/\" \/>\n<meta property=\"og:site_name\" content=\"Ecole Universitaire de Recherche en sciences &amp; technologies marines\" \/>\n<meta property=\"article:modified_time\" content=\"2021-10-22T11:12:37+00:00\" \/>\n<meta property=\"og:image\" content=\"https:\/\/isblue.fr\/wp-content\/uploads\/2021\/10\/Photo-Charline-Guillou-CorrienteXXI.jpg\" \/>\n\t<meta property=\"og:image:width\" content=\"1600\" \/>\n\t<meta property=\"og:image:height\" content=\"1200\" \/>\n\t<meta property=\"og:image:type\" content=\"image\/jpeg\" \/>\n<meta name=\"twitter:card\" content=\"summary_large_image\" \/>\n<meta name=\"twitter:label1\" content=\"Est. reading time\" \/>\n\t<meta name=\"twitter:data1\" content=\"1 minute\" \/>\n<script type=\"application\/ld+json\" class=\"yoast-schema-graph\">{\"@context\":\"https:\/\/schema.org\",\"@graph\":[{\"@type\":\"WebPage\",\"@id\":\"https:\/\/isblue.fr\/en\/tous-les-evenements\/commod-formation-a-la-modelisation-daccompagnement-17-21-janvier-2022\/\",\"url\":\"https:\/\/isblue.fr\/en\/tous-les-evenements\/commod-formation-a-la-modelisation-daccompagnement-17-21-janvier-2022\/\",\"name\":\"ComMod : Formation \u00e0 la mod\u00e9lisation d\u2019accompagnement - 17\/21 janvier 2022 - Ecole Universitaire de Recherche en sciences &amp; technologies marines\",\"isPartOf\":{\"@id\":\"https:\/\/isblue.fr\/en\/#website\"},\"datePublished\":\"2021-10-22T10:55:09+00:00\",\"dateModified\":\"2021-10-22T11:12:37+00:00\",\"breadcrumb\":{\"@id\":\"https:\/\/isblue.fr\/en\/tous-les-evenements\/commod-formation-a-la-modelisation-daccompagnement-17-21-janvier-2022\/#breadcrumb\"},\"inLanguage\":\"en-US\",\"potentialAction\":[{\"@type\":\"ReadAction\",\"target\":[\"https:\/\/isblue.fr\/en\/tous-les-evenements\/commod-formation-a-la-modelisation-daccompagnement-17-21-janvier-2022\/\"]}]},{\"@type\":\"BreadcrumbList\",\"@id\":\"https:\/\/isblue.fr\/en\/tous-les-evenements\/commod-formation-a-la-modelisation-daccompagnement-17-21-janvier-2022\/#breadcrumb\",\"itemListElement\":[{\"@type\":\"ListItem\",\"position\":1,\"name\":\"Home\",\"item\":\"https:\/\/isblue.fr\/en\/\"},{\"@type\":\"ListItem\",\"position\":2,\"name\":\"Events\",\"item\":\"https:\/\/isblue.fr\/en\/all-events\/\"},{\"@type\":\"ListItem\",\"position\":3,\"name\":\"Education\",\"item\":\"https:\/\/isblue.fr\/en\/event-types\/education\/\"},{\"@type\":\"ListItem\",\"position\":4,\"name\":\"ComMod : Formation \u00e0 la mod\u00e9lisation d\u2019accompagnement &#8211; 17\/21 janvier 2022\"}]},{\"@type\":\"WebSite\",\"@id\":\"https:\/\/isblue.fr\/en\/#website\",\"url\":\"https:\/\/isblue.fr\/en\/\",\"name\":\"Ecole Universitaire de Recherche en sciences &amp; technologies marines\",\"description\":\"Ecole Universitaire de Recherche en sciences &amp; technologies marines\",\"publisher\":{\"@id\":\"https:\/\/isblue.fr\/en\/#organization\"},\"potentialAction\":[{\"@type\":\"SearchAction\",\"target\":{\"@type\":\"EntryPoint\",\"urlTemplate\":\"https:\/\/isblue.fr\/en\/?s={search_term_string}\"},\"query-input\":\"required name=search_term_string\"}],\"inLanguage\":\"en-US\"},{\"@type\":\"Organization\",\"@id\":\"https:\/\/isblue.fr\/en\/#organization\",\"name\":\"ISblue\",\"url\":\"https:\/\/isblue.fr\/en\/\",\"logo\":{\"@type\":\"ImageObject\",\"inLanguage\":\"en-US\",\"@id\":\"https:\/\/isblue.fr\/en\/#\/schema\/logo\/image\/\",\"url\":\"https:\/\/www.isblue.fr\/wp-content\/uploads\/2020\/11\/logo.png\",\"contentUrl\":\"https:\/\/www.isblue.fr\/wp-content\/uploads\/2020\/11\/logo.png\",\"width\":367,\"height\":49,\"caption\":\"ISblue\"},\"image\":{\"@id\":\"https:\/\/isblue.fr\/en\/#\/schema\/logo\/image\/\"}}]}<\/script>\n<!-- \/ Yoast SEO plugin. -->","yoast_head_json":{"title":"ComMod : Formation \u00e0 la mod\u00e9lisation d\u2019accompagnement - 17\/21 janvier 2022 - Ecole Universitaire de Recherche en sciences &amp; technologies marines","robots":{"index":"index","follow":"follow","max-snippet":"max-snippet:-1","max-image-preview":"max-image-preview:large","max-video-preview":"max-video-preview:-1"},"canonical":"https:\/\/isblue.fr\/en\/tous-les-evenements\/commod-formation-a-la-modelisation-daccompagnement-17-21-janvier-2022\/","og_locale":"en_US","og_type":"article","og_title":"ComMod : Formation \u00e0 la mod\u00e9lisation d\u2019accompagnement - 17\/21 janvier 2022 - Ecole Universitaire de Recherche en sciences &amp; technologies marines","og_url":"https:\/\/isblue.fr\/en\/tous-les-evenements\/commod-formation-a-la-modelisation-daccompagnement-17-21-janvier-2022\/","og_site_name":"Ecole Universitaire de Recherche en sciences &amp; technologies marines","article_modified_time":"2021-10-22T11:12:37+00:00","og_image":[{"width":1600,"height":1200,"url":"https:\/\/isblue.fr\/wp-content\/uploads\/2021\/10\/Photo-Charline-Guillou-CorrienteXXI.jpg","type":"image\/jpeg"}],"twitter_card":"summary_large_image","twitter_misc":{"Est. reading time":"1 minute"},"schema":{"@context":"https:\/\/schema.org","@graph":[{"@type":"WebPage","@id":"https:\/\/isblue.fr\/en\/tous-les-evenements\/commod-formation-a-la-modelisation-daccompagnement-17-21-janvier-2022\/","url":"https:\/\/isblue.fr\/en\/tous-les-evenements\/commod-formation-a-la-modelisation-daccompagnement-17-21-janvier-2022\/","name":"ComMod : Formation \u00e0 la mod\u00e9lisation d\u2019accompagnement - 17\/21 janvier 2022 - Ecole Universitaire de Recherche en sciences &amp; technologies marines","isPartOf":{"@id":"https:\/\/isblue.fr\/en\/#website"},"datePublished":"2021-10-22T10:55:09+00:00","dateModified":"2021-10-22T11:12:37+00:00","breadcrumb":{"@id":"https:\/\/isblue.fr\/en\/tous-les-evenements\/commod-formation-a-la-modelisation-daccompagnement-17-21-janvier-2022\/#breadcrumb"},"inLanguage":"en-US","potentialAction":[{"@type":"ReadAction","target":["https:\/\/isblue.fr\/en\/tous-les-evenements\/commod-formation-a-la-modelisation-daccompagnement-17-21-janvier-2022\/"]}]},{"@type":"BreadcrumbList","@id":"https:\/\/isblue.fr\/en\/tous-les-evenements\/commod-formation-a-la-modelisation-daccompagnement-17-21-janvier-2022\/#breadcrumb","itemListElement":[{"@type":"ListItem","position":1,"name":"Home","item":"https:\/\/isblue.fr\/en\/"},{"@type":"ListItem","position":2,"name":"Events","item":"https:\/\/isblue.fr\/en\/all-events\/"},{"@type":"ListItem","position":3,"name":"Education","item":"https:\/\/isblue.fr\/en\/event-types\/education\/"},{"@type":"ListItem","position":4,"name":"ComMod : Formation \u00e0 la mod\u00e9lisation d\u2019accompagnement &#8211; 17\/21 janvier 2022"}]},{"@type":"WebSite","@id":"https:\/\/isblue.fr\/en\/#website","url":"https:\/\/isblue.fr\/en\/","name":"Ecole Universitaire de Recherche en sciences &amp; technologies marines","description":"Ecole Universitaire de Recherche en sciences &amp; technologies marines","publisher":{"@id":"https:\/\/isblue.fr\/en\/#organization"},"potentialAction":[{"@type":"SearchAction","target":{"@type":"EntryPoint","urlTemplate":"https:\/\/isblue.fr\/en\/?s={search_term_string}"},"query-input":"required name=search_term_string"}],"inLanguage":"en-US"},{"@type":"Organization","@id":"https:\/\/isblue.fr\/en\/#organization","name":"ISblue","url":"https:\/\/isblue.fr\/en\/","logo":{"@type":"ImageObject","inLanguage":"en-US","@id":"https:\/\/isblue.fr\/en\/#\/schema\/logo\/image\/","url":"https:\/\/www.isblue.fr\/wp-content\/uploads\/2020\/11\/logo.png","contentUrl":"https:\/\/www.isblue.fr\/wp-content\/uploads\/2020\/11\/logo.png","width":367,"height":49,"caption":"ISblue"},"image":{"@id":"https:\/\/isblue.fr\/en\/#\/schema\/logo\/image\/"}}]}},"_links":{"self":[{"href":"https:\/\/isblue.fr\/en\/wp-json\/wp\/v2\/cpt_evenements\/3878"}],"collection":[{"href":"https:\/\/isblue.fr\/en\/wp-json\/wp\/v2\/cpt_evenements"}],"about":[{"href":"https:\/\/isblue.fr\/en\/wp-json\/wp\/v2\/types\/cpt_evenements"}],"author":[{"embeddable":true,"href":"https:\/\/isblue.fr\/en\/wp-json\/wp\/v2\/users\/11"}],"version-history":[{"count":3,"href":"https:\/\/isblue.fr\/en\/wp-json\/wp\/v2\/cpt_evenements\/3878\/revisions"}],"predecessor-version":[{"id":3967,"href":"https:\/\/isblue.fr\/en\/wp-json\/wp\/v2\/cpt_evenements\/3878\/revisions\/3967"}],"wp:featuredmedia":[{"embeddable":true,"href":"https:\/\/isblue.fr\/en\/wp-json\/wp\/v2\/media\/3884"}],"wp:attachment":[{"href":"https:\/\/isblue.fr\/en\/wp-json\/wp\/v2\/media?parent=3878"}],"wp:term":[{"taxonomy":"taxo_evenements","embeddable":true,"href":"https:\/\/isblue.fr\/en\/wp-json\/wp\/v2\/taxo_evenements?post=3878"}],"curies":[{"name":"wp","href":"https:\/\/api.w.org\/{rel}","templated":true}]}}

ComMod : Formation à la modélisation d’accompagnement &#8211; 17/21 janvier 2022

<h2 class="wp-block-heading"><strong>Une</strong> <strong>formation ComMod à la modélisation d&#8217;accompagnement est organisée à Plouzané</strong> <strong>du 17 au 21 janvier 2022 (de 9h à 17h). </strong></h2>



<p>Financée dans le cadre de l&#8217;AAP Formation ISblue,<strong> </strong>la formation s&#8217;adresse aux <strong>chercheurs, enseignants-chercheurs, ingénieurs et doctorants du <a href="https://www.isblue.fr/categories-de-formations/masters/">périmètre ISblue</a>,</strong> pratiquant ou étant intéressés pour développer des travaux de modélisation d’accompagnement, des jeux sérieux, des approches participatives pour l’engagement des acteurs et la co-construction de connaissances ou pour la construction de scénarios prospectifs avec des acteurs. Elle pourra également concerner exceptionnellement des M2 ayant prévu de mobiliser la démarche ComMod dans le cadre de leur stage.</p>



<p><strong>La formation est dimensionnée pour 20 participants.</strong></p>



<p>Le formulaire sert de candidature et servira à sélectionner les participants si plus de 20 demandes sont reçues. Il sera tenu compte pour cela de la motivation des candidats, des impacts attendus de la formation pour ISblue en termes de recherche et d&#8217;enseignement et de la diversité des participants en termes de disciplines et d&#8217;unités de recherche.  Une participation assidue à l&#8217;ensemble de la semaine de formation est demandée aux participants.</p>



<p>Les inscriptions sont ouvertes jusqu&#8217;au <strong>6 novembre inclus.</strong> La validation de l&#8217;inscription sera communiquée aux participants<strong> au plus tard fin novembre.</strong></p>



  <p class="wrap_zip_block-btn">
     <a class="zip_block-btn btn1" href="https://docs.google.com/forms/d/e/1FAIpQLScV55yDmebwpCoD_6rYSK7keCI8PxGbVezy2dkEHpRb76UPMQ/viewform?usp=sf_link" target="">Inscriptions jusqu&#8217;au 06 Novembre 2021</a>
  </p>
  


<p><a href="https://www.isblue.fr/wp-content/uploads/2021/10/Description_Formation-ComMod-Isblue-1.pdf"><strong>Cliquer ici pour en savoir plus sur les objectifs et la méthodologie de cette formation.</strong></a></p>



<p><strong>Pour plus d&#8217;informations, contacter:</strong> </p>



<p><strong><a href="mailto:claire.macher@ifremer.fr">Claire Macher</a> </strong>ou <strong><a href="mailto:frederique.alban@univ-brest.fr">Frédérique Alban</a></strong></p>

<!-- This site is optimized with the Yoast SEO plugin v21.9 - https://yoast.com/wordpress/plugins/seo/ -->
<title>ComMod : Formation à la modélisation d’accompagnement - 17/21 janvier 2022 - Ecole Universitaire de Recherche en sciences &amp; technologies marines</title>
<meta name="robots" content="index, follow, max-snippet:-1, max-image-preview:large, max-video-preview:-1" />
<link rel="canonical" href="https://isblue.fr/en/tous-les-evenements/commod-formation-a-la-modelisation-daccompagnement-17-21-janvier-2022/" />
<meta property="og:locale" content="en_US" />
<meta property="og:type" content="article" />
<meta property="og:title" content="ComMod : Formation à la modélisation d’accompagnement - 17/21 janvier 2022 - Ecole Universitaire de Recherche en sciences &amp; technologies marines" />
<meta property="og:url" content="https://isblue.fr/en/tous-les-evenements/commod-formation-a-la-modelisation-daccompagnement-17-21-janvier-2022/" />
<meta property="og:site_name" content="Ecole Universitaire de Recherche en sciences &amp; technologies marines" />
<meta property="article:modified_time" content="2021-10-22T11:12:37+00:00" />
<meta property="og:image" content="https://isblue.fr/wp-content/uploads/2021/10/Photo-Charline-Guillou-CorrienteXXI.jpg" />
	<meta property="og:image:width" content="1600" />
	<meta property="og:image:height" content="1200" />
	<meta property="og:image:type" content="image/jpeg" />
<meta name="twitter:card" content="summary_large_image" />
<meta name="twitter:label1" content="Est. reading time" />
	<meta name="twitter:data1" content="1 minute" />
<script type="application/ld+json" class="yoast-schema-graph">{"@context":"https://schema.org","@graph":[{"@type":"WebPage","@id":"https://isblue.fr/en/tous-les-evenements/commod-formation-a-la-modelisation-daccompagnement-17-21-janvier-2022/","url":"https://isblue.fr/en/tous-les-evenements/commod-formation-a-la-modelisation-daccompagnement-17-21-janvier-2022/","name":"ComMod : Formation à la modélisation d’accompagnement - 17/21 janvier 2022 - Ecole Universitaire de Recherche en sciences &amp; technologies marines","isPartOf":{"@id":"https://isblue.fr/en/#website"},"datePublished":"2021-10-22T10:55:09+00:00","dateModified":"2021-10-22T11:12:37+00:00","breadcrumb":{"@id":"https://isblue.fr/en/tous-les-evenements/commod-formation-a-la-modelisation-daccompagnement-17-21-janvier-2022/#breadcrumb"},"inLanguage":"en-US","potentialAction":[{"@type":"ReadAction","target":["https://isblue.fr/en/tous-les-evenements/commod-formation-a-la-modelisation-daccompagnement-17-21-janvier-2022/"]}]},{"@type":"BreadcrumbList","@id":"https://isblue.fr/en/tous-les-evenements/commod-formation-a-la-modelisation-daccompagnement-17-21-janvier-2022/#breadcrumb","itemListElement":[{"@type":"ListItem","position":1,"name":"Home","item":"https://isblue.fr/en/"},{"@type":"ListItem","position":2,"name":"Events","item":"https://isblue.fr/en/all-events/"},{"@type":"ListItem","position":3,"name":"Education","item":"https://isblue.fr/en/event-types/education/"},{"@type":"ListItem","position":4,"name":"ComMod : Formation à la modélisation d’accompagnement &#8211; 17/21 janvier 2022"}]},{"@type":"WebSite","@id":"https://isblue.fr/en/#website","url":"https://isblue.fr/en/","name":"Ecole Universitaire de Recherche en sciences &amp; technologies marines","description":"Ecole Universitaire de Recherche en sciences &amp; technologies marines","publisher":{"@id":"https://isblue.fr/en/#organization"},"potentialAction":[{"@type":"SearchAction","target":{"@type":"EntryPoint","urlTemplate":"https://isblue.fr/en/?s={search_term_string}"},"query-input":"required name=search_term_string"}],"inLanguage":"en-US"},{"@type":"Organization","@id":"https://isblue.fr/en/#organization","name":"ISblue","url":"https://isblue.fr/en/","logo":{"@type":"ImageObject","inLanguage":"en-US","@id":"https://isblue.fr/en/#/schema/logo/image/","url":"https://www.isblue.fr/wp-content/uploads/2020/11/logo.png","contentUrl":"https://www.isblue.fr/wp-content/uploads/2020/11/logo.png","width":367,"height":49,"caption":"ISblue"},"image":{"@id":"https://isblue.fr/en/#/schema/logo/image/"}}]}</script>
<!-- / Yoast SEO plugin. -->

ComMod : Formation à la modélisation d’accompagnement - 17/21 janvier 2022 - Ecole Universitaire de Recherche en sciences &amp; technologies marines
