{"id":4448,"date":"2021-12-06T11:52:07","date_gmt":"2021-12-06T10:52:07","guid":{"rendered":"https:\/\/www.isblue.fr\/?post_type=cpt_evenements&#038;p=4448"},"modified":"2021-12-08T16:07:28","modified_gmt":"2021-12-08T15:07:28","slug":"journee-de-professionalisation-des-etudiants-de-master-biotechnologies-a-lorient-6-decembre","status":"publish","type":"cpt_evenements","link":"https:\/\/isblue.fr\/en\/tous-les-evenements\/journee-de-professionalisation-des-etudiants-de-master-biotechnologies-a-lorient-6-decembre\/","title":{"rendered":"Journ\u00e9e de Professionnalisation des \u00e9tudiants du Master Biotechnologies \u00e0 Lorient &#8211; 6 d\u00e9cembre"},"content":{"rendered":"\n<h3 class=\"wp-block-heading\">Biotech Deiz est organis\u00e9 dans le cadre du master 1 biotechnologies, parcours biomol\u00e9cules, micro-organismes, bioproc\u00e9d\u00e9s.&nbsp;L&#8217;objectif est de cr\u00e9er des liens entre acteurs et futurs acteurs de la biotechnologie en Bretagne.&nbsp;Une dizaine d&#8217;intervenants seront pr\u00e9sents \u00e0 cet \u00e9v\u00e9nement afin de faire d\u00e9couvrir leurs secteurs d\u2019activit\u00e9s.<\/h3>\n\n\n\n<p>Cette rencontre sera \u00e9galement l\u2019occasion d\u2019\u00e9changer, partager sur les exp\u00e9riences professionnelles de chacun afin de proposer des perspectives d\u2019orientation aux \u00e9tudiants (licence, master) de l\u2019UBS.<\/p>\n\n\n\n<p>Biotech Deiz est la journ\u00e9e de rencontre autour de la biotechnologie qui va permettre de pr\u00e9senter le master de biotechnologies de l&#8217;Universit\u00e9 Bretagne Sud de Lorient et de mettre en relation les \u00e9tudiants de L3, M1 et M2 avec des entreprises et laboratoires.<\/p>\n\n\n\n<p>Cette demi-journ\u00e9e aura lieu le <strong>lundi 6 d\u00e9cembre 2021<\/strong>, au sein de la facult\u00e9 des Sciences et Sciences de l\u2019Ing\u00e9nieur de <strong>Lorient <\/strong>(rue de Saint-Maud\u00e9), dans les salles du b\u00e2timent science 2 (salles 022, 023 et amphith\u00e9\u00e2tre 2) de 14h \u00e0 17h45.<\/p>\n\n\n\n<p>Les intervenants pr\u00e9sents seront des anciens \u00e9tudiants de l\u2019UBS, des doctorants ainsi que des repr\u00e9sentants d\u2019entreprises du secteur des biotechnologies.&nbsp;<\/p>\n\n\n\n<p>L\u2019organisation de la journ\u00e9e est pr\u00e9vue sous forme de stands o\u00f9 chaque \u00e9tudiant pourra se d\u00e9placer et \u00e9changer avec les intervenants.&nbsp;<\/p>\n\n\n\n<p>Diff\u00e9rentes entreprises et intervenants ont r\u00e9pondu pr\u00e9sents :<\/p>\n\n\n\n<p>&#8211; Olmix<\/p>\n\n\n\n<p>&#8211; Algaia<\/p>\n\n\n\n<p>&#8211; Newonat<\/p>\n\n\n\n<p>&#8211; ISblue (Christophe Desbois et Laure de Montbron)<\/p>\n\n\n\n<p>&#8211; Abyss Ingr\u00e9dients <\/p>\n\n\n\n<p>&#8211; Biothot<\/p>\n\n\n\n<p>&#8211; IDMER<\/p>\n\n\n\n<p>&#8211; Biotech Sant\u00e9 Bretagne<\/p>\n\n\n\n<p>&#8211; Laboratoire Biotechnologie et Chimie Marines <\/p>\n\n\n\n<p>&#8211; Laboratoire de Microbiologie Signaux et Micro-environnement<\/p>\n\n\n\n<p>&#8211; Cedre<\/p>\n\n\n\n<div class=\"wp-block-image\"><figure class=\"aligncenter size-full is-resized\"><img decoding=\"async\" src=\"https:\/\/www.isblue.fr\/wp-content\/uploads\/2021\/12\/SSI_BiotechDeiz.jpg\" alt=\"\" class=\"wp-image-4449\" width=\"405\" height=\"573\" srcset=\"https:\/\/isblue.fr\/wp-content\/uploads\/2021\/12\/SSI_BiotechDeiz.jpg 810w, https:\/\/isblue.fr\/wp-content\/uploads\/2021\/12\/SSI_BiotechDeiz-565x800.jpg 565w, https:\/\/isblue.fr\/wp-content\/uploads\/2021\/12\/SSI_BiotechDeiz-768x1087.jpg 768w, https:\/\/isblue.fr\/wp-content\/uploads\/2021\/12\/SSI_BiotechDeiz-212x300.jpg 212w\" sizes=\"(max-width: 405px) 100vw, 405px\" \/><\/figure><\/div>\n","protected":false},"author":2,"featured_media":4449,"parent":0,"template":"","taxo_evenements":[64,62],"acf":[],"yoast_head":"<!-- This site is optimized with the Yoast SEO plugin v21.9 - https:\/\/yoast.com\/wordpress\/plugins\/seo\/ -->\n<title>Journ\u00e9e de Professionnalisation des \u00e9tudiants du Master Biotechnologies \u00e0 Lorient - 6 d\u00e9cembre - Ecole Universitaire de Recherche en sciences &amp; technologies marines<\/title>\n<meta name=\"robots\" content=\"index, follow, max-snippet:-1, max-image-preview:large, max-video-preview:-1\" \/>\n<link rel=\"canonical\" href=\"https:\/\/isblue.fr\/en\/tous-les-evenements\/journee-de-professionalisation-des-etudiants-de-master-biotechnologies-a-lorient-6-decembre\/\" \/>\n<meta property=\"og:locale\" content=\"en_US\" \/>\n<meta property=\"og:type\" content=\"article\" \/>\n<meta property=\"og:title\" content=\"Journ\u00e9e de Professionnalisation des \u00e9tudiants du Master Biotechnologies \u00e0 Lorient - 6 d\u00e9cembre - Ecole Universitaire de Recherche en sciences &amp; technologies marines\" \/>\n<meta property=\"og:url\" content=\"https:\/\/isblue.fr\/en\/tous-les-evenements\/journee-de-professionalisation-des-etudiants-de-master-biotechnologies-a-lorient-6-decembre\/\" \/>\n<meta property=\"og:site_name\" content=\"Ecole Universitaire de Recherche en sciences &amp; technologies marines\" \/>\n<meta property=\"article:modified_time\" content=\"2021-12-08T15:07:28+00:00\" \/>\n<meta property=\"og:image\" content=\"https:\/\/isblue.fr\/wp-content\/uploads\/2021\/12\/SSI_BiotechDeiz.jpg\" \/>\n\t<meta property=\"og:image:width\" content=\"810\" \/>\n\t<meta property=\"og:image:height\" content=\"1146\" \/>\n\t<meta property=\"og:image:type\" content=\"image\/jpeg\" \/>\n<meta name=\"twitter:card\" content=\"summary_large_image\" \/>\n<meta name=\"twitter:label1\" content=\"Est. reading time\" \/>\n\t<meta name=\"twitter:data1\" content=\"2 minutes\" \/>\n<script type=\"application\/ld+json\" class=\"yoast-schema-graph\">{\"@context\":\"https:\/\/schema.org\",\"@graph\":[{\"@type\":\"WebPage\",\"@id\":\"https:\/\/isblue.fr\/en\/tous-les-evenements\/journee-de-professionalisation-des-etudiants-de-master-biotechnologies-a-lorient-6-decembre\/\",\"url\":\"https:\/\/isblue.fr\/en\/tous-les-evenements\/journee-de-professionalisation-des-etudiants-de-master-biotechnologies-a-lorient-6-decembre\/\",\"name\":\"Journ\u00e9e de Professionnalisation des \u00e9tudiants du Master Biotechnologies \u00e0 Lorient - 6 d\u00e9cembre - Ecole Universitaire de Recherche en sciences &amp; technologies marines\",\"isPartOf\":{\"@id\":\"https:\/\/isblue.fr\/en\/#website\"},\"datePublished\":\"2021-12-06T10:52:07+00:00\",\"dateModified\":\"2021-12-08T15:07:28+00:00\",\"breadcrumb\":{\"@id\":\"https:\/\/isblue.fr\/en\/tous-les-evenements\/journee-de-professionalisation-des-etudiants-de-master-biotechnologies-a-lorient-6-decembre\/#breadcrumb\"},\"inLanguage\":\"en-US\",\"potentialAction\":[{\"@type\":\"ReadAction\",\"target\":[\"https:\/\/isblue.fr\/en\/tous-les-evenements\/journee-de-professionalisation-des-etudiants-de-master-biotechnologies-a-lorient-6-decembre\/\"]}]},{\"@type\":\"BreadcrumbList\",\"@id\":\"https:\/\/isblue.fr\/en\/tous-les-evenements\/journee-de-professionalisation-des-etudiants-de-master-biotechnologies-a-lorient-6-decembre\/#breadcrumb\",\"itemListElement\":[{\"@type\":\"ListItem\",\"position\":1,\"name\":\"Home\",\"item\":\"https:\/\/isblue.fr\/en\/\"},{\"@type\":\"ListItem\",\"position\":2,\"name\":\"Events\",\"item\":\"https:\/\/isblue.fr\/en\/all-events\/\"},{\"@type\":\"ListItem\",\"position\":3,\"name\":\"Education\",\"item\":\"https:\/\/isblue.fr\/en\/event-types\/education\/\"},{\"@type\":\"ListItem\",\"position\":4,\"name\":\"Journ\u00e9e de Professionnalisation des \u00e9tudiants du Master Biotechnologies \u00e0 Lorient &#8211; 6 d\u00e9cembre\"}]},{\"@type\":\"WebSite\",\"@id\":\"https:\/\/isblue.fr\/en\/#website\",\"url\":\"https:\/\/isblue.fr\/en\/\",\"name\":\"Ecole Universitaire de Recherche en sciences &amp; technologies marines\",\"description\":\"Ecole Universitaire de Recherche en sciences &amp; technologies marines\",\"publisher\":{\"@id\":\"https:\/\/isblue.fr\/en\/#organization\"},\"potentialAction\":[{\"@type\":\"SearchAction\",\"target\":{\"@type\":\"EntryPoint\",\"urlTemplate\":\"https:\/\/isblue.fr\/en\/?s={search_term_string}\"},\"query-input\":\"required name=search_term_string\"}],\"inLanguage\":\"en-US\"},{\"@type\":\"Organization\",\"@id\":\"https:\/\/isblue.fr\/en\/#organization\",\"name\":\"ISblue\",\"url\":\"https:\/\/isblue.fr\/en\/\",\"logo\":{\"@type\":\"ImageObject\",\"inLanguage\":\"en-US\",\"@id\":\"https:\/\/isblue.fr\/en\/#\/schema\/logo\/image\/\",\"url\":\"https:\/\/www.isblue.fr\/wp-content\/uploads\/2020\/11\/logo.png\",\"contentUrl\":\"https:\/\/www.isblue.fr\/wp-content\/uploads\/2020\/11\/logo.png\",\"width\":367,\"height\":49,\"caption\":\"ISblue\"},\"image\":{\"@id\":\"https:\/\/isblue.fr\/en\/#\/schema\/logo\/image\/\"}}]}<\/script>\n<!-- \/ Yoast SEO plugin. -->","yoast_head_json":{"title":"Journ\u00e9e de Professionnalisation des \u00e9tudiants du Master Biotechnologies \u00e0 Lorient - 6 d\u00e9cembre - Ecole Universitaire de Recherche en sciences &amp; technologies marines","robots":{"index":"index","follow":"follow","max-snippet":"max-snippet:-1","max-image-preview":"max-image-preview:large","max-video-preview":"max-video-preview:-1"},"canonical":"https:\/\/isblue.fr\/en\/tous-les-evenements\/journee-de-professionalisation-des-etudiants-de-master-biotechnologies-a-lorient-6-decembre\/","og_locale":"en_US","og_type":"article","og_title":"Journ\u00e9e de Professionnalisation des \u00e9tudiants du Master Biotechnologies \u00e0 Lorient - 6 d\u00e9cembre - Ecole Universitaire de Recherche en sciences &amp; technologies marines","og_url":"https:\/\/isblue.fr\/en\/tous-les-evenements\/journee-de-professionalisation-des-etudiants-de-master-biotechnologies-a-lorient-6-decembre\/","og_site_name":"Ecole Universitaire de Recherche en sciences &amp; technologies marines","article_modified_time":"2021-12-08T15:07:28+00:00","og_image":[{"width":810,"height":1146,"url":"https:\/\/isblue.fr\/wp-content\/uploads\/2021\/12\/SSI_BiotechDeiz.jpg","type":"image\/jpeg"}],"twitter_card":"summary_large_image","twitter_misc":{"Est. reading time":"2 minutes"},"schema":{"@context":"https:\/\/schema.org","@graph":[{"@type":"WebPage","@id":"https:\/\/isblue.fr\/en\/tous-les-evenements\/journee-de-professionalisation-des-etudiants-de-master-biotechnologies-a-lorient-6-decembre\/","url":"https:\/\/isblue.fr\/en\/tous-les-evenements\/journee-de-professionalisation-des-etudiants-de-master-biotechnologies-a-lorient-6-decembre\/","name":"Journ\u00e9e de Professionnalisation des \u00e9tudiants du Master Biotechnologies \u00e0 Lorient - 6 d\u00e9cembre - Ecole Universitaire de Recherche en sciences &amp; technologies marines","isPartOf":{"@id":"https:\/\/isblue.fr\/en\/#website"},"datePublished":"2021-12-06T10:52:07+00:00","dateModified":"2021-12-08T15:07:28+00:00","breadcrumb":{"@id":"https:\/\/isblue.fr\/en\/tous-les-evenements\/journee-de-professionalisation-des-etudiants-de-master-biotechnologies-a-lorient-6-decembre\/#breadcrumb"},"inLanguage":"en-US","potentialAction":[{"@type":"ReadAction","target":["https:\/\/isblue.fr\/en\/tous-les-evenements\/journee-de-professionalisation-des-etudiants-de-master-biotechnologies-a-lorient-6-decembre\/"]}]},{"@type":"BreadcrumbList","@id":"https:\/\/isblue.fr\/en\/tous-les-evenements\/journee-de-professionalisation-des-etudiants-de-master-biotechnologies-a-lorient-6-decembre\/#breadcrumb","itemListElement":[{"@type":"ListItem","position":1,"name":"Home","item":"https:\/\/isblue.fr\/en\/"},{"@type":"ListItem","position":2,"name":"Events","item":"https:\/\/isblue.fr\/en\/all-events\/"},{"@type":"ListItem","position":3,"name":"Education","item":"https:\/\/isblue.fr\/en\/event-types\/education\/"},{"@type":"ListItem","position":4,"name":"Journ\u00e9e de Professionnalisation des \u00e9tudiants du Master Biotechnologies \u00e0 Lorient &#8211; 6 d\u00e9cembre"}]},{"@type":"WebSite","@id":"https:\/\/isblue.fr\/en\/#website","url":"https:\/\/isblue.fr\/en\/","name":"Ecole Universitaire de Recherche en sciences &amp; technologies marines","description":"Ecole Universitaire de Recherche en sciences &amp; technologies marines","publisher":{"@id":"https:\/\/isblue.fr\/en\/#organization"},"potentialAction":[{"@type":"SearchAction","target":{"@type":"EntryPoint","urlTemplate":"https:\/\/isblue.fr\/en\/?s={search_term_string}"},"query-input":"required name=search_term_string"}],"inLanguage":"en-US"},{"@type":"Organization","@id":"https:\/\/isblue.fr\/en\/#organization","name":"ISblue","url":"https:\/\/isblue.fr\/en\/","logo":{"@type":"ImageObject","inLanguage":"en-US","@id":"https:\/\/isblue.fr\/en\/#\/schema\/logo\/image\/","url":"https:\/\/www.isblue.fr\/wp-content\/uploads\/2020\/11\/logo.png","contentUrl":"https:\/\/www.isblue.fr\/wp-content\/uploads\/2020\/11\/logo.png","width":367,"height":49,"caption":"ISblue"},"image":{"@id":"https:\/\/isblue.fr\/en\/#\/schema\/logo\/image\/"}}]}},"_links":{"self":[{"href":"https:\/\/isblue.fr\/en\/wp-json\/wp\/v2\/cpt_evenements\/4448"}],"collection":[{"href":"https:\/\/isblue.fr\/en\/wp-json\/wp\/v2\/cpt_evenements"}],"about":[{"href":"https:\/\/isblue.fr\/en\/wp-json\/wp\/v2\/types\/cpt_evenements"}],"author":[{"embeddable":true,"href":"https:\/\/isblue.fr\/en\/wp-json\/wp\/v2\/users\/2"}],"version-history":[{"count":3,"href":"https:\/\/isblue.fr\/en\/wp-json\/wp\/v2\/cpt_evenements\/4448\/revisions"}],"predecessor-version":[{"id":4465,"href":"https:\/\/isblue.fr\/en\/wp-json\/wp\/v2\/cpt_evenements\/4448\/revisions\/4465"}],"wp:featuredmedia":[{"embeddable":true,"href":"https:\/\/isblue.fr\/en\/wp-json\/wp\/v2\/media\/4449"}],"wp:attachment":[{"href":"https:\/\/isblue.fr\/en\/wp-json\/wp\/v2\/media?parent=4448"}],"wp:term":[{"taxonomy":"taxo_evenements","embeddable":true,"href":"https:\/\/isblue.fr\/en\/wp-json\/wp\/v2\/taxo_evenements?post=4448"}],"curies":[{"name":"wp","href":"https:\/\/api.w.org\/{rel}","templated":true}]}}

Journée de Professionnalisation des étudiants du Master Biotechnologies à Lorient &#8211; 6 décembre

<h3 class="wp-block-heading">Biotech Deiz est organisé dans le cadre du master 1 biotechnologies, parcours biomolécules, micro-organismes, bioprocédés.&nbsp;L&#8217;objectif est de créer des liens entre acteurs et futurs acteurs de la biotechnologie en Bretagne.&nbsp;Une dizaine d&#8217;intervenants seront présents à cet événement afin de faire découvrir leurs secteurs d’activités.</h3>



<p>Cette rencontre sera également l’occasion d’échanger, partager sur les expériences professionnelles de chacun afin de proposer des perspectives d’orientation aux étudiants (licence, master) de l’UBS.</p>



<p>Biotech Deiz est la journée de rencontre autour de la biotechnologie qui va permettre de présenter le master de biotechnologies de l&#8217;Université Bretagne Sud de Lorient et de mettre en relation les étudiants de L3, M1 et M2 avec des entreprises et laboratoires.</p>



<p>Cette demi-journée aura lieu le <strong>lundi 6 décembre 2021</strong>, au sein de la faculté des Sciences et Sciences de l’Ingénieur de <strong>Lorient </strong>(rue de Saint-Maudé), dans les salles du bâtiment science 2 (salles 022, 023 et amphithéâtre 2) de 14h à 17h45.</p>



<p>Les intervenants présents seront des anciens étudiants de l’UBS, des doctorants ainsi que des représentants d’entreprises du secteur des biotechnologies.&nbsp;</p>



<p>L’organisation de la journée est prévue sous forme de stands où chaque étudiant pourra se déplacer et échanger avec les intervenants.&nbsp;</p>



<p>Différentes entreprises et intervenants ont répondu présents :</p>



<p>&#8211; Olmix</p>



<p>&#8211; Algaia</p>



<p>&#8211; Newonat</p>



<p>&#8211; ISblue (Christophe Desbois et Laure de Montbron)</p>



<p>&#8211; Abyss Ingrédients </p>



<p>&#8211; Biothot</p>



<p>&#8211; IDMER</p>



<p>&#8211; Biotech Santé Bretagne</p>



<p>&#8211; Laboratoire Biotechnologie et Chimie Marines </p>



<p>&#8211; Laboratoire de Microbiologie Signaux et Micro-environnement</p>



<p>&#8211; Cedre</p>



<div class="wp-block-image"><figure class="aligncenter size-full is-resized"><img decoding="async" src="https://www.isblue.fr/wp-content/uploads/2021/12/SSI_BiotechDeiz.jpg" alt="" class="wp-image-4449" width="405" height="573" srcset="https://isblue.fr/wp-content/uploads/2021/12/SSI_BiotechDeiz.jpg 810w, https://isblue.fr/wp-content/uploads/2021/12/SSI_BiotechDeiz-565x800.jpg 565w, https://isblue.fr/wp-content/uploads/2021/12/SSI_BiotechDeiz-768x1087.jpg 768w, https://isblue.fr/wp-content/uploads/2021/12/SSI_BiotechDeiz-212x300.jpg 212w" sizes="(max-width: 405px) 100vw, 405px" /></figure></div>

<!-- This site is optimized with the Yoast SEO plugin v21.9 - https://yoast.com/wordpress/plugins/seo/ -->
<title>Journée de Professionnalisation des étudiants du Master Biotechnologies à Lorient - 6 décembre - Ecole Universitaire de Recherche en sciences &amp; technologies marines</title>
<meta name="robots" content="index, follow, max-snippet:-1, max-image-preview:large, max-video-preview:-1" />
<link rel="canonical" href="https://isblue.fr/en/tous-les-evenements/journee-de-professionalisation-des-etudiants-de-master-biotechnologies-a-lorient-6-decembre/" />
<meta property="og:locale" content="en_US" />
<meta property="og:type" content="article" />
<meta property="og:title" content="Journée de Professionnalisation des étudiants du Master Biotechnologies à Lorient - 6 décembre - Ecole Universitaire de Recherche en sciences &amp; technologies marines" />
<meta property="og:url" content="https://isblue.fr/en/tous-les-evenements/journee-de-professionalisation-des-etudiants-de-master-biotechnologies-a-lorient-6-decembre/" />
<meta property="og:site_name" content="Ecole Universitaire de Recherche en sciences &amp; technologies marines" />
<meta property="article:modified_time" content="2021-12-08T15:07:28+00:00" />
<meta property="og:image" content="https://isblue.fr/wp-content/uploads/2021/12/SSI_BiotechDeiz.jpg" />
	<meta property="og:image:width" content="810" />
	<meta property="og:image:height" content="1146" />
	<meta property="og:image:type" content="image/jpeg" />
<meta name="twitter:card" content="summary_large_image" />
<meta name="twitter:label1" content="Est. reading time" />
	<meta name="twitter:data1" content="2 minutes" />
<script type="application/ld+json" class="yoast-schema-graph">{"@context":"https://schema.org","@graph":[{"@type":"WebPage","@id":"https://isblue.fr/en/tous-les-evenements/journee-de-professionalisation-des-etudiants-de-master-biotechnologies-a-lorient-6-decembre/","url":"https://isblue.fr/en/tous-les-evenements/journee-de-professionalisation-des-etudiants-de-master-biotechnologies-a-lorient-6-decembre/","name":"Journée de Professionnalisation des étudiants du Master Biotechnologies à Lorient - 6 décembre - Ecole Universitaire de Recherche en sciences &amp; technologies marines","isPartOf":{"@id":"https://isblue.fr/en/#website"},"datePublished":"2021-12-06T10:52:07+00:00","dateModified":"2021-12-08T15:07:28+00:00","breadcrumb":{"@id":"https://isblue.fr/en/tous-les-evenements/journee-de-professionalisation-des-etudiants-de-master-biotechnologies-a-lorient-6-decembre/#breadcrumb"},"inLanguage":"en-US","potentialAction":[{"@type":"ReadAction","target":["https://isblue.fr/en/tous-les-evenements/journee-de-professionalisation-des-etudiants-de-master-biotechnologies-a-lorient-6-decembre/"]}]},{"@type":"BreadcrumbList","@id":"https://isblue.fr/en/tous-les-evenements/journee-de-professionalisation-des-etudiants-de-master-biotechnologies-a-lorient-6-decembre/#breadcrumb","itemListElement":[{"@type":"ListItem","position":1,"name":"Home","item":"https://isblue.fr/en/"},{"@type":"ListItem","position":2,"name":"Events","item":"https://isblue.fr/en/all-events/"},{"@type":"ListItem","position":3,"name":"Education","item":"https://isblue.fr/en/event-types/education/"},{"@type":"ListItem","position":4,"name":"Journée de Professionnalisation des étudiants du Master Biotechnologies à Lorient &#8211; 6 décembre"}]},{"@type":"WebSite","@id":"https://isblue.fr/en/#website","url":"https://isblue.fr/en/","name":"Ecole Universitaire de Recherche en sciences &amp; technologies marines","description":"Ecole Universitaire de Recherche en sciences &amp; technologies marines","publisher":{"@id":"https://isblue.fr/en/#organization"},"potentialAction":[{"@type":"SearchAction","target":{"@type":"EntryPoint","urlTemplate":"https://isblue.fr/en/?s={search_term_string}"},"query-input":"required name=search_term_string"}],"inLanguage":"en-US"},{"@type":"Organization","@id":"https://isblue.fr/en/#organization","name":"ISblue","url":"https://isblue.fr/en/","logo":{"@type":"ImageObject","inLanguage":"en-US","@id":"https://isblue.fr/en/#/schema/logo/image/","url":"https://www.isblue.fr/wp-content/uploads/2020/11/logo.png","contentUrl":"https://www.isblue.fr/wp-content/uploads/2020/11/logo.png","width":367,"height":49,"caption":"ISblue"},"image":{"@id":"https://isblue.fr/en/#/schema/logo/image/"}}]}</script>
<!-- / Yoast SEO plugin. -->

Journée de Professionnalisation des étudiants du Master Biotechnologies à Lorient - 6 décembre - Ecole Universitaire de Recherche en sciences &amp; technologies marines
