{"id":5910,"date":"2022-02-17T09:59:02","date_gmt":"2022-02-17T08:59:02","guid":{"rendered":"https:\/\/www.isblue.fr\/?post_type=cpt_evenements&#038;p=5910"},"modified":"2022-02-17T10:29:08","modified_gmt":"2022-02-17T09:29:08","slug":"quelles-sont-les-projections-climatiques-pour-le-massif-armoricain","status":"publish","type":"cpt_evenements","link":"https:\/\/isblue.fr\/en\/tous-les-evenements\/quelles-sont-les-projections-climatiques-pour-le-massif-armoricain\/","title":{"rendered":"&#8220;Quelles sont les projections climatiques pour le massif Armoricain ?&#8221; &#8211; 29 avril \u00e0 Brasparts"},"content":{"rendered":"\n<h2 class=\"wp-block-heading\">Cette conf\u00e9rence pr\u00e9sente les projections climatiques sur le prochain si\u00e8cle, en introduisant les mod\u00e8les de climat en lien avec leurs diff\u00e9rents sc\u00e9narios d\u2019\u00e9mission et en discutant des derniers r\u00e9sultats du GIEC. <\/h2>\n\n\n\n<p>Elle insiste sur la situation g\u00e9ologique et g\u00e9ographique du Finist\u00e8re particuli\u00e8rement d\u00e9pendant de ses eaux de surfaces. L\u2019objectif est de souligner l\u2019importance de nos choix de soci\u00e9t\u00e9 en montrant quelle sera la r\u00e9ponse du climat aux diff\u00e9rents sc\u00e9narios possibles. <\/p>\n\n\n\n<p>Elle parle \u00e9galement de solutions locales et r\u00e9alistes pouvant \u00eatre mises en \u0153uvre : digues contre la mont\u00e9e des eaux, am\u00e9nagement des berges des rivi\u00e8res, r\u00e9habilitation des zones humides, r\u00e9duction de la d\u00e9forestation, structuration et pr\u00e9servation du bocage.<\/p>\n\n\n\n<p>Intervenants : <a href=\"https:\/\/www-iuem.univ-brest.fr\/anne-marie-treguier-medaillee-de-legu-2019\/\">Anne-Marie Tr\u00e9guier<\/a>, directrice d&#8217;ISblue et directrice de recherche CNRS au <a href=\"https:\/\/www.umr-lops.fr\/\">Laboratoire Oc\u00e9anographie Physique et Spatial (LOPS)<\/a> \u00e0 l&#8217;<a href=\"https:\/\/www-iuem.univ-brest.fr\/\">IUEM<\/a>, <a href=\"https:\/\/www.imt-atlantique.fr\/en\/person\/pierre-tandeo\">Pierre Tandeo<\/a> (<a href=\"https:\/\/www.imt-atlantique.fr\/fr\">IMT Atlantique<\/a>\/<a href=\"https:\/\/labsticc.fr\/fr\">Lab-STICC<\/a>) et <a href=\"https:\/\/www.linkedin.com\/in\/michel-aidonidis-ba1b3068\/?originalSubdomain=fr\">Michel Aidonidis<\/a> (M\u00e9t\u00e9o-France).<\/p>\n\n\n\n<p>Cet \u00e9v\u00e9nement est gratuit et ouvert \u00e0 tous. Rendez-vous le 29  \u00e0 18h \u00e0 <a href=\"https:\/\/www.timenezare.bzh\/acces-a-ti-menez-are\/\">Ti Menez Are<\/a>, Brasparts (29).<\/p>\n\n\n\n<div class=\"wp-block-image\"><figure class=\"aligncenter size-large is-resized\"><img decoding=\"async\" src=\"https:\/\/www.isblue.fr\/wp-content\/uploads\/2022\/02\/Affiches-MRB-2-848x1200.jpg\" alt=\"\" class=\"wp-image-5911\" width=\"636\" height=\"900\" srcset=\"https:\/\/isblue.fr\/wp-content\/uploads\/2022\/02\/Affiches-MRB-2-848x1200.jpg 848w, https:\/\/isblue.fr\/wp-content\/uploads\/2022\/02\/Affiches-MRB-2-566x800.jpg 566w, https:\/\/isblue.fr\/wp-content\/uploads\/2022\/02\/Affiches-MRB-2-768x1086.jpg 768w, https:\/\/isblue.fr\/wp-content\/uploads\/2022\/02\/Affiches-MRB-2-1343x1900.jpg 1343w, https:\/\/isblue.fr\/wp-content\/uploads\/2022\/02\/Affiches-MRB-2-212x300.jpg 212w, https:\/\/isblue.fr\/wp-content\/uploads\/2022\/02\/Affiches-MRB-2-1086x1536.jpg 1086w, https:\/\/isblue.fr\/wp-content\/uploads\/2022\/02\/Affiches-MRB-2-905x1280.jpg 905w, https:\/\/isblue.fr\/wp-content\/uploads\/2022\/02\/Affiches-MRB-2.jpg 1414w\" sizes=\"(max-width: 636px) 100vw, 636px\" \/><\/figure><\/div>\n","protected":false},"author":2,"featured_media":5911,"parent":0,"template":"","taxo_evenements":[15],"acf":[],"yoast_head":"<!-- This site is optimized with the Yoast SEO plugin v21.9 - https:\/\/yoast.com\/wordpress\/plugins\/seo\/ -->\n<title>&quot;Quelles sont les projections climatiques pour le massif Armoricain ?&quot; - 29 avril \u00e0 Brasparts - Ecole Universitaire de Recherche en sciences &amp; technologies marines<\/title>\n<meta name=\"robots\" content=\"index, follow, max-snippet:-1, max-image-preview:large, max-video-preview:-1\" \/>\n<link rel=\"canonical\" href=\"https:\/\/isblue.fr\/en\/tous-les-evenements\/quelles-sont-les-projections-climatiques-pour-le-massif-armoricain\/\" \/>\n<meta property=\"og:locale\" content=\"en_US\" \/>\n<meta property=\"og:type\" content=\"article\" \/>\n<meta property=\"og:title\" content=\"&quot;Quelles sont les projections climatiques pour le massif Armoricain ?&quot; - 29 avril \u00e0 Brasparts - Ecole Universitaire de Recherche en sciences &amp; technologies marines\" \/>\n<meta property=\"og:url\" content=\"https:\/\/isblue.fr\/en\/tous-les-evenements\/quelles-sont-les-projections-climatiques-pour-le-massif-armoricain\/\" \/>\n<meta property=\"og:site_name\" content=\"Ecole Universitaire de Recherche en sciences &amp; technologies marines\" \/>\n<meta property=\"article:modified_time\" content=\"2022-02-17T09:29:08+00:00\" \/>\n<meta property=\"og:image\" content=\"https:\/\/isblue.fr\/wp-content\/uploads\/2022\/02\/Affiches-MRB-2.jpg\" \/>\n\t<meta property=\"og:image:width\" content=\"1414\" \/>\n\t<meta property=\"og:image:height\" content=\"2000\" \/>\n\t<meta property=\"og:image:type\" content=\"image\/jpeg\" \/>\n<meta name=\"twitter:card\" content=\"summary_large_image\" \/>\n<meta name=\"twitter:label1\" content=\"Est. reading time\" \/>\n\t<meta name=\"twitter:data1\" content=\"1 minute\" \/>\n<script type=\"application\/ld+json\" class=\"yoast-schema-graph\">{\"@context\":\"https:\/\/schema.org\",\"@graph\":[{\"@type\":\"WebPage\",\"@id\":\"https:\/\/isblue.fr\/en\/tous-les-evenements\/quelles-sont-les-projections-climatiques-pour-le-massif-armoricain\/\",\"url\":\"https:\/\/isblue.fr\/en\/tous-les-evenements\/quelles-sont-les-projections-climatiques-pour-le-massif-armoricain\/\",\"name\":\"\\\"Quelles sont les projections climatiques pour le massif Armoricain ?\\\" - 29 avril \u00e0 Brasparts - Ecole Universitaire de Recherche en sciences &amp; technologies marines\",\"isPartOf\":{\"@id\":\"https:\/\/isblue.fr\/en\/#website\"},\"datePublished\":\"2022-02-17T08:59:02+00:00\",\"dateModified\":\"2022-02-17T09:29:08+00:00\",\"breadcrumb\":{\"@id\":\"https:\/\/isblue.fr\/en\/tous-les-evenements\/quelles-sont-les-projections-climatiques-pour-le-massif-armoricain\/#breadcrumb\"},\"inLanguage\":\"en-US\",\"potentialAction\":[{\"@type\":\"ReadAction\",\"target\":[\"https:\/\/isblue.fr\/en\/tous-les-evenements\/quelles-sont-les-projections-climatiques-pour-le-massif-armoricain\/\"]}]},{\"@type\":\"BreadcrumbList\",\"@id\":\"https:\/\/isblue.fr\/en\/tous-les-evenements\/quelles-sont-les-projections-climatiques-pour-le-massif-armoricain\/#breadcrumb\",\"itemListElement\":[{\"@type\":\"ListItem\",\"position\":1,\"name\":\"Home\",\"item\":\"https:\/\/isblue.fr\/en\/\"},{\"@type\":\"ListItem\",\"position\":2,\"name\":\"Events\",\"item\":\"https:\/\/isblue.fr\/en\/all-events\/\"},{\"@type\":\"ListItem\",\"position\":3,\"name\":\"Conferences\",\"item\":\"https:\/\/isblue.fr\/en\/event-types\/conferences-en\/\"},{\"@type\":\"ListItem\",\"position\":4,\"name\":\"\u00ab\u00a0Quelles sont les projections climatiques pour le massif Armoricain ?\u00a0\u00bb &#8211; 29 avril \u00e0 Brasparts\"}]},{\"@type\":\"WebSite\",\"@id\":\"https:\/\/isblue.fr\/en\/#website\",\"url\":\"https:\/\/isblue.fr\/en\/\",\"name\":\"Ecole Universitaire de Recherche en sciences &amp; technologies marines\",\"description\":\"Ecole Universitaire de Recherche en sciences &amp; technologies marines\",\"publisher\":{\"@id\":\"https:\/\/isblue.fr\/en\/#organization\"},\"potentialAction\":[{\"@type\":\"SearchAction\",\"target\":{\"@type\":\"EntryPoint\",\"urlTemplate\":\"https:\/\/isblue.fr\/en\/?s={search_term_string}\"},\"query-input\":\"required name=search_term_string\"}],\"inLanguage\":\"en-US\"},{\"@type\":\"Organization\",\"@id\":\"https:\/\/isblue.fr\/en\/#organization\",\"name\":\"ISblue\",\"url\":\"https:\/\/isblue.fr\/en\/\",\"logo\":{\"@type\":\"ImageObject\",\"inLanguage\":\"en-US\",\"@id\":\"https:\/\/isblue.fr\/en\/#\/schema\/logo\/image\/\",\"url\":\"https:\/\/www.isblue.fr\/wp-content\/uploads\/2020\/11\/logo.png\",\"contentUrl\":\"https:\/\/www.isblue.fr\/wp-content\/uploads\/2020\/11\/logo.png\",\"width\":367,\"height\":49,\"caption\":\"ISblue\"},\"image\":{\"@id\":\"https:\/\/isblue.fr\/en\/#\/schema\/logo\/image\/\"}}]}<\/script>\n<!-- \/ Yoast SEO plugin. -->","yoast_head_json":{"title":"\"Quelles sont les projections climatiques pour le massif Armoricain ?\" - 29 avril \u00e0 Brasparts - Ecole Universitaire de Recherche en sciences &amp; technologies marines","robots":{"index":"index","follow":"follow","max-snippet":"max-snippet:-1","max-image-preview":"max-image-preview:large","max-video-preview":"max-video-preview:-1"},"canonical":"https:\/\/isblue.fr\/en\/tous-les-evenements\/quelles-sont-les-projections-climatiques-pour-le-massif-armoricain\/","og_locale":"en_US","og_type":"article","og_title":"\"Quelles sont les projections climatiques pour le massif Armoricain ?\" - 29 avril \u00e0 Brasparts - Ecole Universitaire de Recherche en sciences &amp; technologies marines","og_url":"https:\/\/isblue.fr\/en\/tous-les-evenements\/quelles-sont-les-projections-climatiques-pour-le-massif-armoricain\/","og_site_name":"Ecole Universitaire de Recherche en sciences &amp; technologies marines","article_modified_time":"2022-02-17T09:29:08+00:00","og_image":[{"width":1414,"height":2000,"url":"https:\/\/isblue.fr\/wp-content\/uploads\/2022\/02\/Affiches-MRB-2.jpg","type":"image\/jpeg"}],"twitter_card":"summary_large_image","twitter_misc":{"Est. reading time":"1 minute"},"schema":{"@context":"https:\/\/schema.org","@graph":[{"@type":"WebPage","@id":"https:\/\/isblue.fr\/en\/tous-les-evenements\/quelles-sont-les-projections-climatiques-pour-le-massif-armoricain\/","url":"https:\/\/isblue.fr\/en\/tous-les-evenements\/quelles-sont-les-projections-climatiques-pour-le-massif-armoricain\/","name":"\"Quelles sont les projections climatiques pour le massif Armoricain ?\" - 29 avril \u00e0 Brasparts - Ecole Universitaire de Recherche en sciences &amp; technologies marines","isPartOf":{"@id":"https:\/\/isblue.fr\/en\/#website"},"datePublished":"2022-02-17T08:59:02+00:00","dateModified":"2022-02-17T09:29:08+00:00","breadcrumb":{"@id":"https:\/\/isblue.fr\/en\/tous-les-evenements\/quelles-sont-les-projections-climatiques-pour-le-massif-armoricain\/#breadcrumb"},"inLanguage":"en-US","potentialAction":[{"@type":"ReadAction","target":["https:\/\/isblue.fr\/en\/tous-les-evenements\/quelles-sont-les-projections-climatiques-pour-le-massif-armoricain\/"]}]},{"@type":"BreadcrumbList","@id":"https:\/\/isblue.fr\/en\/tous-les-evenements\/quelles-sont-les-projections-climatiques-pour-le-massif-armoricain\/#breadcrumb","itemListElement":[{"@type":"ListItem","position":1,"name":"Home","item":"https:\/\/isblue.fr\/en\/"},{"@type":"ListItem","position":2,"name":"Events","item":"https:\/\/isblue.fr\/en\/all-events\/"},{"@type":"ListItem","position":3,"name":"Conferences","item":"https:\/\/isblue.fr\/en\/event-types\/conferences-en\/"},{"@type":"ListItem","position":4,"name":"\u00ab\u00a0Quelles sont les projections climatiques pour le massif Armoricain ?\u00a0\u00bb &#8211; 29 avril \u00e0 Brasparts"}]},{"@type":"WebSite","@id":"https:\/\/isblue.fr\/en\/#website","url":"https:\/\/isblue.fr\/en\/","name":"Ecole Universitaire de Recherche en sciences &amp; technologies marines","description":"Ecole Universitaire de Recherche en sciences &amp; technologies marines","publisher":{"@id":"https:\/\/isblue.fr\/en\/#organization"},"potentialAction":[{"@type":"SearchAction","target":{"@type":"EntryPoint","urlTemplate":"https:\/\/isblue.fr\/en\/?s={search_term_string}"},"query-input":"required name=search_term_string"}],"inLanguage":"en-US"},{"@type":"Organization","@id":"https:\/\/isblue.fr\/en\/#organization","name":"ISblue","url":"https:\/\/isblue.fr\/en\/","logo":{"@type":"ImageObject","inLanguage":"en-US","@id":"https:\/\/isblue.fr\/en\/#\/schema\/logo\/image\/","url":"https:\/\/www.isblue.fr\/wp-content\/uploads\/2020\/11\/logo.png","contentUrl":"https:\/\/www.isblue.fr\/wp-content\/uploads\/2020\/11\/logo.png","width":367,"height":49,"caption":"ISblue"},"image":{"@id":"https:\/\/isblue.fr\/en\/#\/schema\/logo\/image\/"}}]}},"_links":{"self":[{"href":"https:\/\/isblue.fr\/en\/wp-json\/wp\/v2\/cpt_evenements\/5910"}],"collection":[{"href":"https:\/\/isblue.fr\/en\/wp-json\/wp\/v2\/cpt_evenements"}],"about":[{"href":"https:\/\/isblue.fr\/en\/wp-json\/wp\/v2\/types\/cpt_evenements"}],"author":[{"embeddable":true,"href":"https:\/\/isblue.fr\/en\/wp-json\/wp\/v2\/users\/2"}],"version-history":[{"count":3,"href":"https:\/\/isblue.fr\/en\/wp-json\/wp\/v2\/cpt_evenements\/5910\/revisions"}],"predecessor-version":[{"id":5921,"href":"https:\/\/isblue.fr\/en\/wp-json\/wp\/v2\/cpt_evenements\/5910\/revisions\/5921"}],"wp:featuredmedia":[{"embeddable":true,"href":"https:\/\/isblue.fr\/en\/wp-json\/wp\/v2\/media\/5911"}],"wp:attachment":[{"href":"https:\/\/isblue.fr\/en\/wp-json\/wp\/v2\/media?parent=5910"}],"wp:term":[{"taxonomy":"taxo_evenements","embeddable":true,"href":"https:\/\/isblue.fr\/en\/wp-json\/wp\/v2\/taxo_evenements?post=5910"}],"curies":[{"name":"wp","href":"https:\/\/api.w.org\/{rel}","templated":true}]}}

&#8220;Quelles sont les projections climatiques pour le massif Armoricain ?&#8221; &#8211; 29 avril à Brasparts

<h2 class="wp-block-heading">Cette conférence présente les projections climatiques sur le prochain siècle, en introduisant les modèles de climat en lien avec leurs différents scénarios d’émission et en discutant des derniers résultats du GIEC. </h2>



<p>Elle insiste sur la situation géologique et géographique du Finistère particulièrement dépendant de ses eaux de surfaces. L’objectif est de souligner l’importance de nos choix de société en montrant quelle sera la réponse du climat aux différents scénarios possibles. </p>



<p>Elle parle également de solutions locales et réalistes pouvant être mises en œuvre : digues contre la montée des eaux, aménagement des berges des rivières, réhabilitation des zones humides, réduction de la déforestation, structuration et préservation du bocage.</p>



<p>Intervenants : <a href="https://www-iuem.univ-brest.fr/anne-marie-treguier-medaillee-de-legu-2019/">Anne-Marie Tréguier</a>, directrice d&#8217;ISblue et directrice de recherche CNRS au <a href="https://www.umr-lops.fr/">Laboratoire Océanographie Physique et Spatial (LOPS)</a> à l&#8217;<a href="https://www-iuem.univ-brest.fr/">IUEM</a>, <a href="https://www.imt-atlantique.fr/en/person/pierre-tandeo">Pierre Tandeo</a> (<a href="https://www.imt-atlantique.fr/fr">IMT Atlantique</a>/<a href="https://labsticc.fr/fr">Lab-STICC</a>) et <a href="https://www.linkedin.com/in/michel-aidonidis-ba1b3068/?originalSubdomain=fr">Michel Aidonidis</a> (Météo-France).</p>



<p>Cet événement est gratuit et ouvert à tous. Rendez-vous le 29  à 18h à <a href="https://www.timenezare.bzh/acces-a-ti-menez-are/">Ti Menez Are</a>, Brasparts (29).</p>



<div class="wp-block-image"><figure class="aligncenter size-large is-resized"><img decoding="async" src="https://www.isblue.fr/wp-content/uploads/2022/02/Affiches-MRB-2-848x1200.jpg" alt="" class="wp-image-5911" width="636" height="900" srcset="https://isblue.fr/wp-content/uploads/2022/02/Affiches-MRB-2-848x1200.jpg 848w, https://isblue.fr/wp-content/uploads/2022/02/Affiches-MRB-2-566x800.jpg 566w, https://isblue.fr/wp-content/uploads/2022/02/Affiches-MRB-2-768x1086.jpg 768w, https://isblue.fr/wp-content/uploads/2022/02/Affiches-MRB-2-1343x1900.jpg 1343w, https://isblue.fr/wp-content/uploads/2022/02/Affiches-MRB-2-212x300.jpg 212w, https://isblue.fr/wp-content/uploads/2022/02/Affiches-MRB-2-1086x1536.jpg 1086w, https://isblue.fr/wp-content/uploads/2022/02/Affiches-MRB-2-905x1280.jpg 905w, https://isblue.fr/wp-content/uploads/2022/02/Affiches-MRB-2.jpg 1414w" sizes="(max-width: 636px) 100vw, 636px" /></figure></div>

<!-- This site is optimized with the Yoast SEO plugin v21.9 - https://yoast.com/wordpress/plugins/seo/ -->
<title>&quot;Quelles sont les projections climatiques pour le massif Armoricain ?&quot; - 29 avril à Brasparts - Ecole Universitaire de Recherche en sciences &amp; technologies marines</title>
<meta name="robots" content="index, follow, max-snippet:-1, max-image-preview:large, max-video-preview:-1" />
<link rel="canonical" href="https://isblue.fr/en/tous-les-evenements/quelles-sont-les-projections-climatiques-pour-le-massif-armoricain/" />
<meta property="og:locale" content="en_US" />
<meta property="og:type" content="article" />
<meta property="og:title" content="&quot;Quelles sont les projections climatiques pour le massif Armoricain ?&quot; - 29 avril à Brasparts - Ecole Universitaire de Recherche en sciences &amp; technologies marines" />
<meta property="og:url" content="https://isblue.fr/en/tous-les-evenements/quelles-sont-les-projections-climatiques-pour-le-massif-armoricain/" />
<meta property="og:site_name" content="Ecole Universitaire de Recherche en sciences &amp; technologies marines" />
<meta property="article:modified_time" content="2022-02-17T09:29:08+00:00" />
<meta property="og:image" content="https://isblue.fr/wp-content/uploads/2022/02/Affiches-MRB-2.jpg" />
	<meta property="og:image:width" content="1414" />
	<meta property="og:image:height" content="2000" />
	<meta property="og:image:type" content="image/jpeg" />
<meta name="twitter:card" content="summary_large_image" />
<meta name="twitter:label1" content="Est. reading time" />
	<meta name="twitter:data1" content="1 minute" />
<script type="application/ld+json" class="yoast-schema-graph">{"@context":"https://schema.org","@graph":[{"@type":"WebPage","@id":"https://isblue.fr/en/tous-les-evenements/quelles-sont-les-projections-climatiques-pour-le-massif-armoricain/","url":"https://isblue.fr/en/tous-les-evenements/quelles-sont-les-projections-climatiques-pour-le-massif-armoricain/","name":"\"Quelles sont les projections climatiques pour le massif Armoricain ?\" - 29 avril à Brasparts - Ecole Universitaire de Recherche en sciences &amp; technologies marines","isPartOf":{"@id":"https://isblue.fr/en/#website"},"datePublished":"2022-02-17T08:59:02+00:00","dateModified":"2022-02-17T09:29:08+00:00","breadcrumb":{"@id":"https://isblue.fr/en/tous-les-evenements/quelles-sont-les-projections-climatiques-pour-le-massif-armoricain/#breadcrumb"},"inLanguage":"en-US","potentialAction":[{"@type":"ReadAction","target":["https://isblue.fr/en/tous-les-evenements/quelles-sont-les-projections-climatiques-pour-le-massif-armoricain/"]}]},{"@type":"BreadcrumbList","@id":"https://isblue.fr/en/tous-les-evenements/quelles-sont-les-projections-climatiques-pour-le-massif-armoricain/#breadcrumb","itemListElement":[{"@type":"ListItem","position":1,"name":"Home","item":"https://isblue.fr/en/"},{"@type":"ListItem","position":2,"name":"Events","item":"https://isblue.fr/en/all-events/"},{"@type":"ListItem","position":3,"name":"Conferences","item":"https://isblue.fr/en/event-types/conferences-en/"},{"@type":"ListItem","position":4,"name":"« Quelles sont les projections climatiques pour le massif Armoricain ? » &#8211; 29 avril à Brasparts"}]},{"@type":"WebSite","@id":"https://isblue.fr/en/#website","url":"https://isblue.fr/en/","name":"Ecole Universitaire de Recherche en sciences &amp; technologies marines","description":"Ecole Universitaire de Recherche en sciences &amp; technologies marines","publisher":{"@id":"https://isblue.fr/en/#organization"},"potentialAction":[{"@type":"SearchAction","target":{"@type":"EntryPoint","urlTemplate":"https://isblue.fr/en/?s={search_term_string}"},"query-input":"required name=search_term_string"}],"inLanguage":"en-US"},{"@type":"Organization","@id":"https://isblue.fr/en/#organization","name":"ISblue","url":"https://isblue.fr/en/","logo":{"@type":"ImageObject","inLanguage":"en-US","@id":"https://isblue.fr/en/#/schema/logo/image/","url":"https://www.isblue.fr/wp-content/uploads/2020/11/logo.png","contentUrl":"https://www.isblue.fr/wp-content/uploads/2020/11/logo.png","width":367,"height":49,"caption":"ISblue"},"image":{"@id":"https://isblue.fr/en/#/schema/logo/image/"}}]}</script>
<!-- / Yoast SEO plugin. -->

"Quelles sont les projections climatiques pour le massif Armoricain ?" - 29 avril à Brasparts - Ecole Universitaire de Recherche en sciences &amp; technologies marines

« Quelles sont les projections climatiques pour le massif Armoricain ? » &#8211; 29 avril à Brasparts
